Last updated on 2023-10-03 01:04:48 CEST.
Flavor | Version | Tinstall | Tcheck | Ttotal | Status | Flags |
---|---|---|---|---|---|---|
r-devel-linux-x86_64-debian-clang | 0.1-1 | 16.61 | 106.93 | 123.54 | OK | |
r-devel-linux-x86_64-debian-gcc | 0.1-1 | 10.10 | 85.22 | 95.32 | OK | |
r-devel-linux-x86_64-fedora-clang | 0.1-1 | 166.97 | OK | |||
r-devel-linux-x86_64-fedora-gcc | 0.1-1 | 155.82 | OK | |||
r-devel-windows-x86_64 | 0.1-1 | 70.00 | 218.00 | 288.00 | OK | |
r-patched-linux-x86_64 | 0.1-1 | 10.33 | 108.49 | 118.82 | OK | |
r-release-linux-x86_64 | 0.1-1 | 14.23 | 110.62 | 124.85 | OK | |
r-release-macos-arm64 | 0.1-1 | 47.00 | OK | |||
r-release-macos-x86_64 | 0.1-1 | 71.00 | NOTE | |||
r-release-windows-x86_64 | 0.1-1 | 42.00 | 166.00 | 208.00 | OK | |
r-oldrel-macos-arm64 | 0.1-1 | 45.00 | OK | |||
r-oldrel-macos-x86_64 | 0.1-1 | 69.00 | OK | |||
r-oldrel-windows-x86_64 | 0.1-1 | 44.00 | 168.00 | 212.00 | OK |
Version: 0.1-1
Check: package dependencies
Result: NOTE
Packages suggested but not available for checking: 'tram', 'cotram'
Flavor: r-release-macos-x86_64
Version: 0.1-1
Check: Rd cross-references
Result: NOTE
Package unavailable to check Rd xrefs: ‘tram’
Flavor: r-release-macos-x86_64