Last updated on 2022-06-26 23:51:56 CEST.
Flavor | Version | Tinstall | Tcheck | Ttotal | Status | Flags |
---|---|---|---|---|---|---|
r-devel-linux-x86_64-debian-clang | 0.1.1 | 7.60 | 71.80 | 79.40 | OK | |
r-devel-linux-x86_64-debian-gcc | 0.1.1 | 6.09 | 53.36 | 59.45 | OK | |
r-devel-linux-x86_64-fedora-clang | 0.1.1 | 104.25 | NOTE | |||
r-devel-linux-x86_64-fedora-gcc | 0.1.1 | 101.60 | NOTE | |||
r-devel-windows-x86_64 | 0.1.1 | 23.00 | 98.00 | 121.00 | OK | |
r-patched-linux-x86_64 | 0.1.1 | 8.08 | 68.58 | 76.66 | OK | |
r-release-linux-x86_64 | 0.1.1 | 8.37 | 68.71 | 77.08 | OK | |
r-release-macos-arm64 | 0.1.1 | 31.00 | NOTE | |||
r-release-macos-x86_64 | 0.1.1 | 53.00 | NOTE | |||
r-release-windows-x86_64 | 0.1.1 | 22.00 | 92.00 | 114.00 | OK | |
r-oldrel-macos-arm64 | 0.1.1 | 40.00 | NOTE | |||
r-oldrel-macos-x86_64 | 0.1.1 | 57.00 | NOTE | |||
r-oldrel-windows-ix86+x86_64 | 0.1.1 | 18.00 | 93.00 | 111.00 | OK |
Version: 0.1.1
Check: dependencies in R code
Result: NOTE
Namespace in Imports field not imported from: ‘dplyr’
All declared Imports should be used.
Flavors: r-devel-linux-x86_64-fedora-clang, r-devel-linux-x86_64-fedora-gcc, r-release-macos-arm64, r-release-macos-x86_64, r-oldrel-macos-arm64, r-oldrel-macos-x86_64