CRAN Package Check Results for Package decido

Last updated on 2024-07-22 00:50:34 CEST.

Flavor Version Tinstall Tcheck Ttotal Status Flags
r-devel-linux-x86_64-debian-clang 0.3.0 13.88 36.56 50.44 NOTE
r-devel-linux-x86_64-debian-gcc 0.3.0 10.18 27.82 38.00 NOTE
r-devel-linux-x86_64-fedora-clang 0.3.0 82.54 NOTE
r-devel-linux-x86_64-fedora-gcc 0.3.0 96.75 NOTE
r-devel-windows-x86_64 0.3.0 15.00 75.00 90.00 NOTE
r-patched-linux-x86_64 0.3.0 16.70 35.89 52.59 NOTE
r-release-linux-x86_64 0.3.0 12.63 33.91 46.54 NOTE
r-release-macos-arm64 0.3.0 29.00 NOTE
r-release-macos-x86_64 0.3.0 46.00 NOTE
r-release-windows-x86_64 0.3.0 20.00 71.00 91.00 NOTE
r-oldrel-macos-arm64 0.3.0 29.00 NOTE
r-oldrel-macos-x86_64 0.3.0 54.00 NOTE
r-oldrel-windows-x86_64 0.3.0 22.00 79.00 101.00 NOTE

Check Details

Version: 0.3.0
Check: C++ specification
Result: NOTE Specified C++11: please drop specification unless essential Flavors: r-devel-linux-x86_64-debian-clang, r-devel-linux-x86_64-debian-gcc, r-devel-linux-x86_64-fedora-clang, r-devel-linux-x86_64-fedora-gcc, r-devel-windows-x86_64, r-patched-linux-x86_64, r-release-linux-x86_64, r-release-macos-arm64, r-release-macos-x86_64, r-release-windows-x86_64, r-oldrel-macos-arm64, r-oldrel-macos-x86_64, r-oldrel-windows-x86_64

Version: 0.3.0
Check: LazyData
Result: NOTE 'LazyData' is specified without a 'data' directory Flavors: r-devel-linux-x86_64-debian-clang, r-devel-linux-x86_64-debian-gcc, r-devel-linux-x86_64-fedora-clang, r-devel-linux-x86_64-fedora-gcc, r-devel-windows-x86_64, r-patched-linux-x86_64, r-release-linux-x86_64, r-release-macos-arm64, r-release-macos-x86_64, r-release-windows-x86_64, r-oldrel-macos-arm64, r-oldrel-macos-x86_64, r-oldrel-windows-x86_64