CRAN Package Check Results for Package debugme

Last updated on 2022-08-08 23:52:54 CEST.

Flavor Version Tinstall Tcheck Ttotal Status Flags
r-devel-linux-x86_64-debian-clang 1.1.0 2.14 25.53 27.67 NOTE
r-devel-linux-x86_64-debian-gcc 1.1.0 1.78 19.97 21.75 NOTE
r-devel-linux-x86_64-fedora-clang 1.1.0 44.74 NOTE
r-devel-linux-x86_64-fedora-gcc 1.1.0 44.73 NOTE
r-devel-windows-x86_64 1.1.0 8.00 50.00 58.00 NOTE
r-patched-linux-x86_64 1.1.0 2.29 24.74 27.03 NOTE
r-release-linux-x86_64 1.1.0 NOTE
r-release-macos-arm64 1.1.0 14.00 NOTE
r-release-macos-x86_64 1.1.0 24.00 NOTE
r-release-windows-x86_64 1.1.0 12.00 49.00 61.00 NOTE
r-oldrel-macos-arm64 1.1.0 18.00 NOTE
r-oldrel-macos-x86_64 1.1.0 29.00 NOTE
r-oldrel-windows-ix86+x86_64 1.1.0 5.00 42.00 47.00 NOTE

Check Details

Version: 1.1.0
Check: LazyData
Result: NOTE
     'LazyData' is specified without a 'data' directory
Flavors: r-devel-linux-x86_64-debian-clang, r-devel-linux-x86_64-debian-gcc, r-devel-linux-x86_64-fedora-clang, r-devel-linux-x86_64-fedora-gcc, r-devel-windows-x86_64, r-patched-linux-x86_64, r-release-linux-x86_64, r-release-macos-arm64, r-release-macos-x86_64, r-release-windows-x86_64, r-oldrel-macos-arm64, r-oldrel-macos-x86_64, r-oldrel-windows-ix86+x86_64