Last updated on 2021-02-25 23:48:55 CET.
Flavor | Version | Tinstall | Tcheck | Ttotal | Status | Flags |
---|---|---|---|---|---|---|
r-devel-linux-x86_64-debian-clang | 0.1.1 | 2.39 | 24.07 | 26.46 | NOTE | |
r-devel-linux-x86_64-debian-gcc | 0.1.1 | 1.99 | 18.93 | 20.92 | NOTE | |
r-devel-linux-x86_64-fedora-clang | 0.1.1 | 42.44 | NOTE | |||
r-devel-linux-x86_64-fedora-gcc | 0.1.1 | 32.18 | NOTE | |||
r-devel-windows-ix86+x86_64 | 0.1.1 | 4.00 | 30.00 | 34.00 | NOTE | |
r-patched-linux-x86_64 | 0.1.1 | 2.24 | 23.37 | 25.61 | NOTE | |
r-patched-solaris-x86 | 0.1.1 | 49.60 | NOTE | |||
r-release-linux-x86_64 | 0.1.1 | 2.04 | 23.61 | 25.65 | NOTE | |
r-release-macos-x86_64 | 0.1.1 | NOTE | ||||
r-release-windows-ix86+x86_64 | 0.1.1 | 6.00 | 45.00 | 51.00 | NOTE | |
r-oldrel-macos-x86_64 | 0.1.1 | NOTE | ||||
r-oldrel-windows-ix86+x86_64 | 0.1.1 | 4.00 | 37.00 | 41.00 | NOTE |
Version: 0.1.1
Check: R code for possible problems
Result: NOTE
test.LM: no visible global function definition for 'lm'
Undefined global functions or variables:
lm
Consider adding
importFrom("stats", "lm")
to your NAMESPACE file.
Flavors: r-devel-linux-x86_64-debian-clang, r-devel-linux-x86_64-debian-gcc, r-devel-linux-x86_64-fedora-clang, r-devel-linux-x86_64-fedora-gcc, r-devel-windows-ix86+x86_64, r-patched-linux-x86_64, r-patched-solaris-x86, r-release-linux-x86_64, r-release-macos-x86_64, r-release-windows-ix86+x86_64, r-oldrel-macos-x86_64, r-oldrel-windows-ix86+x86_64