CRAN Package Check Results for Package dcmle

Last updated on 2022-05-17 23:56:33 CEST.

Flavor Version Tinstall Tcheck Ttotal Status Flags
r-devel-linux-x86_64-debian-clang 0.3-1 22.42 180.60 203.02 NOTE
r-devel-linux-x86_64-debian-gcc 0.3-1 17.31 131.63 148.94 NOTE
r-devel-linux-x86_64-fedora-clang 0.3-1 238.18 NOTE
r-devel-linux-x86_64-fedora-gcc 0.3-1 228.53 NOTE
r-devel-windows-x86_64 0.3-1 48.00 187.00 235.00 NOTE
r-patched-linux-x86_64 0.3-1 24.22 165.97 190.19 NOTE
r-release-linux-x86_64 0.3-1 16.11 167.02 183.13 NOTE
r-release-macos-arm64 0.3-1 82.00 NOTE
r-release-macos-x86_64 0.3-1 87.00 NOTE
r-release-windows-x86_64 0.3-1 54.00 192.00 246.00 NOTE
r-oldrel-macos-arm64 0.3-1 59.00 NOTE
r-oldrel-macos-x86_64 0.3-1 110.00 NOTE
r-oldrel-windows-ix86+x86_64 0.3-1 48.00 186.00 234.00 NOTE

Check Details

Version: 0.3-1
Check: LazyData
Result: NOTE
     'LazyData' is specified without a 'data' directory
Flavors: r-devel-linux-x86_64-debian-clang, r-devel-linux-x86_64-debian-gcc, r-devel-linux-x86_64-fedora-clang, r-devel-linux-x86_64-fedora-gcc, r-devel-windows-x86_64, r-patched-linux-x86_64, r-release-linux-x86_64, r-release-macos-arm64, r-release-macos-x86_64, r-release-windows-x86_64, r-oldrel-macos-arm64, r-oldrel-macos-x86_64, r-oldrel-windows-ix86+x86_64