CRAN Package Check Results for Package dbx

Last updated on 2019-07-22 06:47:36 CEST.

Flavor Version Tinstall Tcheck Ttotal Status Flags
r-devel-linux-x86_64-debian-clang 0.2.5 2.21 24.39 26.60 OK
r-devel-linux-x86_64-debian-gcc 0.2.5 1.75 19.60 21.35 OK
r-devel-linux-x86_64-fedora-clang 0.2.5 31.35 OK
r-devel-linux-x86_64-fedora-gcc 0.2.5 30.84 OK
r-devel-windows-ix86+x86_64 0.2.5 5.00 49.00 54.00 OK
r-patched-linux-x86_64 0.2.5 2.18 23.60 25.78 OK
r-patched-solaris-x86 0.2.5 49.70 NOTE
r-release-linux-x86_64 0.2.5 2.08 23.97 26.05 OK
r-release-windows-ix86+x86_64 0.2.5 5.00 37.00 42.00 OK
r-release-osx-x86_64 0.2.5 OK
r-oldrel-windows-ix86+x86_64 0.2.5 5.00 35.00 40.00 OK
r-oldrel-osx-x86_64 0.2.5 OK

Check Details

Version: 0.2.5
Check: package dependencies
Result: NOTE
    Package suggested but not available for checking: ‘RPostgres’
Flavor: r-patched-solaris-x86