CRAN Package Check Results for Package dbx

Last updated on 2019-12-08 23:47:20 CET.

Flavor Version Tinstall Tcheck Ttotal Status Flags
r-devel-linux-x86_64-debian-clang 0.2.5 2.44 26.29 28.73 OK
r-devel-linux-x86_64-debian-gcc 0.2.5 2.02 20.98 23.00 OK
r-devel-linux-x86_64-fedora-clang 0.2.5 37.52 OK
r-devel-linux-x86_64-fedora-gcc 0.2.5 35.79 OK
r-devel-windows-ix86+x86_64 0.2.5 6.00 54.00 60.00 OK
r-devel-windows-ix86+x86_64-gcc8 0.2.5 6.00 39.00 45.00 OK
r-patched-linux-x86_64 0.2.5 2.14 23.62 25.76 OK
r-patched-solaris-x86 0.2.5 46.60 NOTE
r-release-linux-x86_64 0.2.5 2.15 24.29 26.44 OK
r-release-windows-ix86+x86_64 0.2.5 7.00 39.00 46.00 OK
r-release-osx-x86_64 0.2.5 OK
r-oldrel-windows-ix86+x86_64 0.2.5 3.00 33.00 36.00 OK
r-oldrel-osx-x86_64 0.2.5 OK

Check Details

Version: 0.2.5
Check: package dependencies
Result: NOTE
    Package suggested but not available for checking: ‘RPostgres’
Flavor: r-patched-solaris-x86