Last updated on 2023-02-03 23:51:29 CET.
Flavor | Version | Tinstall | Tcheck | Ttotal | Status | Flags |
---|---|---|---|---|---|---|
r-devel-linux-x86_64-debian-clang | 1.2.0 | 22.71 | 131.64 | 154.35 | NOTE | |
r-devel-linux-x86_64-debian-gcc | 1.2.0 | 19.00 | 94.79 | 113.79 | NOTE | |
r-devel-linux-x86_64-fedora-clang | 1.2.0 | 188.64 | NOTE | |||
r-devel-linux-x86_64-fedora-gcc | 1.2.0 | 189.35 | NOTE | |||
r-devel-windows-x86_64 | 1.2.0 | 99.00 | 181.00 | 280.00 | NOTE | |
r-patched-linux-x86_64 | 1.2.0 | 26.29 | 118.66 | 144.95 | NOTE | |
r-release-linux-x86_64 | 1.2.0 | 20.89 | 115.20 | 136.09 | NOTE | |
r-release-macos-arm64 | 1.2.0 | 52.00 | NOTE | |||
r-release-macos-x86_64 | 1.2.0 | 89.00 | NOTE | |||
r-release-windows-x86_64 | 1.2.0 | 79.00 | 163.00 | 242.00 | NOTE | |
r-oldrel-macos-arm64 | 1.2.0 | 56.00 | NOTE | |||
r-oldrel-macos-x86_64 | 1.2.0 | 102.00 | NOTE | |||
r-oldrel-windows-ix86+x86_64 | 1.2.0 | 44.00 | 150.00 | 194.00 | NOTE |
Version: 1.2.0
Check: LazyData
Result: NOTE
'LazyData' is specified without a 'data' directory
Flavors: r-devel-linux-x86_64-debian-clang, r-devel-linux-x86_64-debian-gcc, r-devel-linux-x86_64-fedora-clang, r-devel-linux-x86_64-fedora-gcc, r-devel-windows-x86_64, r-patched-linux-x86_64, r-release-linux-x86_64, r-release-macos-arm64, r-release-macos-x86_64, r-release-windows-x86_64, r-oldrel-macos-arm64, r-oldrel-macos-x86_64, r-oldrel-windows-ix86+x86_64