CRAN Package Check Results for Package dbMC

Last updated on 2022-05-17 23:56:33 CEST.

Flavor Version Tinstall Tcheck Ttotal Status Flags
r-devel-linux-x86_64-debian-clang 1.0.0 3.88 36.30 40.18 OK
r-devel-linux-x86_64-debian-gcc 1.0.0 2.46 28.41 30.87 OK
r-devel-linux-x86_64-fedora-clang 1.0.0 50.08 NOTE
r-devel-linux-x86_64-fedora-gcc 1.0.0 47.67 NOTE
r-devel-windows-x86_64 1.0.0 11.00 56.00 67.00 OK
r-patched-linux-x86_64 1.0.0 3.80 35.63 39.43 OK
r-release-linux-x86_64 1.0.0 4.18 35.62 39.80 OK
r-release-macos-arm64 1.0.0 17.00 NOTE
r-release-macos-x86_64 1.0.0 24.00 NOTE
r-release-windows-x86_64 1.0.0 13.00 53.00 66.00 OK
r-oldrel-macos-arm64 1.0.0 23.00 NOTE
r-oldrel-macos-x86_64 1.0.0 26.00 NOTE
r-oldrel-windows-ix86+x86_64 1.0.0 7.00 45.00 52.00 OK

Check Details

Version: 1.0.0
Check: dependencies in R code
Result: NOTE
    Namespace in Imports field not imported from: ‘softImpute’
     All declared Imports should be used.
Flavors: r-devel-linux-x86_64-fedora-clang, r-devel-linux-x86_64-fedora-gcc, r-release-macos-arm64, r-release-macos-x86_64, r-oldrel-macos-arm64, r-oldrel-macos-x86_64