CRAN Package Check Results for Package datrProfile

Last updated on 2022-08-16 23:57:19 CEST.

Flavor Version Tinstall Tcheck Ttotal Status Flags
r-devel-linux-x86_64-debian-clang 0.1.0 2.56 29.02 31.58 NOTE
r-devel-linux-x86_64-debian-gcc 0.1.0 2.05 22.15 24.20 NOTE
r-devel-linux-x86_64-fedora-clang 0.1.0 49.67 NOTE
r-devel-linux-x86_64-fedora-gcc 0.1.0 49.89 NOTE
r-devel-windows-x86_64 0.1.0 28.00 53.00 81.00 NOTE
r-patched-linux-x86_64 0.1.0 2.36 27.80 30.16 NOTE
r-release-linux-x86_64 0.1.0 2.79 28.10 30.89 NOTE
r-release-macos-arm64 0.1.0 16.00 NOTE
r-release-macos-x86_64 0.1.0 28.00 NOTE
r-release-windows-x86_64 0.1.0 40.00 55.00 95.00 NOTE
r-oldrel-macos-arm64 0.1.0 21.00 NOTE
r-oldrel-macos-x86_64 0.1.0 27.00 NOTE
r-oldrel-windows-ix86+x86_64 0.1.0 7.00 50.00 57.00 NOTE

Check Details

Version: 0.1.0
Check: LazyData
Result: NOTE
     'LazyData' is specified without a 'data' directory
Flavors: r-devel-linux-x86_64-debian-clang, r-devel-linux-x86_64-debian-gcc, r-devel-linux-x86_64-fedora-clang, r-devel-linux-x86_64-fedora-gcc, r-devel-windows-x86_64, r-patched-linux-x86_64, r-release-linux-x86_64, r-release-macos-arm64, r-release-macos-x86_64, r-release-windows-x86_64, r-oldrel-macos-arm64, r-oldrel-macos-x86_64, r-oldrel-windows-ix86+x86_64