CRAN Package Check Results for Package datoramar

Last updated on 2023-09-21 00:56:29 CEST.

Flavor Version Tinstall Tcheck Ttotal Status Flags
r-devel-linux-x86_64-debian-clang 0.1.0 1.74 20.29 22.03 NOTE
r-devel-linux-x86_64-debian-gcc 0.1.0 1.68 15.91 17.59 NOTE
r-devel-linux-x86_64-fedora-clang 0.1.0 28.63 NOTE
r-devel-linux-x86_64-fedora-gcc 0.1.0 27.67 NOTE
r-devel-windows-x86_64 0.1.0 4.00 39.00 43.00 NOTE
r-patched-linux-x86_64 0.1.0 2.08 19.66 21.74 NOTE
r-release-linux-x86_64 0.1.0 1.54 20.26 21.80 NOTE
r-release-macos-arm64 0.1.0 16.00 NOTE
r-release-macos-x86_64 0.1.0 20.00 NOTE
r-release-windows-x86_64 0.1.0 4.00 36.00 40.00 NOTE
r-oldrel-macos-arm64 0.1.0 14.00 NOTE
r-oldrel-macos-x86_64 0.1.0 20.00 NOTE
r-oldrel-windows-x86_64 0.1.0 4.00 41.00 45.00 NOTE

Check Details

Version: 0.1.0
Check: LazyData
Result: NOTE
     'LazyData' is specified without a 'data' directory
Flavors: r-devel-linux-x86_64-debian-clang, r-devel-linux-x86_64-debian-gcc, r-devel-linux-x86_64-fedora-clang, r-devel-linux-x86_64-fedora-gcc, r-devel-windows-x86_64, r-patched-linux-x86_64, r-release-linux-x86_64, r-release-macos-arm64, r-release-macos-x86_64, r-release-windows-x86_64, r-oldrel-macos-arm64, r-oldrel-macos-x86_64, r-oldrel-windows-x86_64