Last updated on 2022-06-29 23:53:17 CEST.
Flavor | Version | Tinstall | Tcheck | Ttotal | Status | Flags |
---|---|---|---|---|---|---|
r-devel-linux-x86_64-debian-clang | 2.18.2 | 11.21 | 127.15 | 138.36 | NOTE | |
r-devel-linux-x86_64-debian-gcc | 2.18.2 | 9.99 | 94.90 | 104.89 | NOTE | |
r-devel-linux-x86_64-fedora-clang | 2.18.2 | 172.58 | NOTE | |||
r-devel-linux-x86_64-fedora-gcc | 2.18.2 | 187.28 | NOTE | |||
r-devel-windows-x86_64 | 2.18.2 | 242.00 | 222.00 | 464.00 | OK | |
r-patched-linux-x86_64 | 2.18.2 | 14.79 | 119.24 | 134.03 | NOTE | |
r-release-linux-x86_64 | 2.18.2 | 12.59 | 118.24 | 130.83 | NOTE | |
r-release-macos-arm64 | 2.18.2 | 105.00 | OK | |||
r-release-macos-x86_64 | 2.18.2 | 143.00 | OK | |||
r-release-windows-x86_64 | 2.18.2 | 349.00 | 227.00 | 576.00 | OK | |
r-oldrel-macos-arm64 | 2.18.2 | 133.00 | OK | |||
r-oldrel-macos-x86_64 | 2.18.2 | 144.00 | OK | |||
r-oldrel-windows-ix86+x86_64 | 2.18.2 | 21.00 | 168.00 | 189.00 | OK |
Version: 2.18.2
Check: package dependencies
Result: NOTE
Package suggested but not available for checking: 'stubthat'
Flavors: r-devel-linux-x86_64-debian-clang, r-devel-linux-x86_64-debian-gcc, r-devel-linux-x86_64-fedora-clang, r-devel-linux-x86_64-fedora-gcc, r-patched-linux-x86_64, r-release-linux-x86_64