CRAN Package Check Results for Package dataquieR

Last updated on 2021-04-20 23:47:39 CEST.

Flavor Version Tinstall Tcheck Ttotal Status Flags
r-devel-linux-x86_64-debian-clang 1.0.5 17.98 262.15 280.13 NOTE
r-devel-linux-x86_64-debian-gcc 1.0.5 16.47 185.59 202.06 NOTE
r-devel-linux-x86_64-fedora-clang 1.0.5 327.02 NOTE
r-devel-linux-x86_64-fedora-gcc 1.0.5 329.71 NOTE
r-devel-windows-ix86+x86_64 1.0.5 31.00 257.00 288.00 NOTE
r-devel-windows-x86_64-gcc10-UCRT 1.0.5 NOTE
r-patched-linux-x86_64 1.0.5 26.58 245.04 271.62 WARN
r-patched-solaris-x86 1.0.5 469.60 OK
r-release-linux-x86_64 1.0.5 18.22 246.87 265.09 OK
r-release-macos-x86_64 1.0.5 OK
r-release-windows-ix86+x86_64 1.0.5 36.00 331.00 367.00 OK
r-oldrel-macos-x86_64 1.0.5 OK
r-oldrel-windows-ix86+x86_64 1.0.5 32.00 325.00 357.00 OK

Check Details

Version: 1.0.5
Check: LazyData
Result: NOTE
     'LazyData' is specified without a 'data' directory
Flavors: r-devel-linux-x86_64-debian-clang, r-devel-linux-x86_64-debian-gcc, r-devel-linux-x86_64-fedora-clang, r-devel-linux-x86_64-fedora-gcc, r-devel-windows-ix86+x86_64, r-devel-windows-x86_64-gcc10-UCRT

Version: 1.0.5
Check: whether package can be installed
Result: WARN
    Found the following significant warnings:
     Rd warning: /tmp/RtmpevfOZ8/R.INSTALL4efcfd10b65/dataquieR/man/util_is_integer.Rd:24: file link ‘is.integer’ in package ‘base’ does not exist and so has been treated as a topic
     Rd warning: /tmp/RtmpevfOZ8/R.INSTALL4efcfd10b65/dataquieR/man/util_is_integer.Rd:26: file link ‘is.integer’ in package ‘base’ does not exist and so has been treated as a topic
     Rd warning: /tmp/RtmpevfOZ8/R.INSTALL4efcfd10b65/dataquieR/man/util_is_integer.Rd:28: file link ‘is.integer’ in package ‘base’ does not exist and so has been treated as a topic
Flavor: r-patched-linux-x86_64