Last updated on 2021-02-23 23:50:32 CET.
Flavor | Version | Tinstall | Tcheck | Ttotal | Status | Flags |
---|---|---|---|---|---|---|
r-devel-linux-x86_64-debian-clang | 1.0.1 | 4.92 | 40.46 | 45.38 | OK | |
r-devel-linux-x86_64-debian-gcc | 1.0.1 | 3.73 | 31.82 | 35.55 | OK | |
r-devel-linux-x86_64-fedora-clang | 1.0.1 | 64.35 | OK | |||
r-devel-linux-x86_64-fedora-gcc | 1.0.1 | 53.57 | OK | |||
r-devel-windows-ix86+x86_64 | 1.0.1 | 8.00 | 41.00 | 49.00 | OK | |
r-patched-linux-x86_64 | 1.0.1 | 5.15 | 39.19 | 44.34 | OK | |
r-patched-solaris-x86 | 1.0.1 | 80.70 | OK | |||
r-release-linux-x86_64 | 1.0.1 | 3.98 | 38.65 | 42.63 | OK | |
r-release-macos-x86_64 | 1.0.1 | OK | ||||
r-release-windows-ix86+x86_64 | 1.0.1 | 11.00 | 57.00 | 68.00 | OK | |
r-oldrel-macos-x86_64 | 1.0.1 | NOTE | ||||
r-oldrel-windows-ix86+x86_64 | 1.0.1 | 6.00 | 42.00 | 48.00 | OK |
Version: 1.0.1
Check: dependencies in R code
Result: NOTE
No protocol specified
No protocol specified
Flavor: r-oldrel-macos-x86_64