CRAN Package Check Results for Package daff

Last updated on 2022-06-26 23:51:56 CEST.

Flavor Version Tinstall Tcheck Ttotal Status Flags
r-devel-linux-x86_64-debian-clang 0.3.5 2.24 40.47 42.71 NOTE
r-devel-linux-x86_64-debian-gcc 0.3.5 2.93 31.30 34.23 NOTE
r-devel-linux-x86_64-fedora-clang 0.3.5 63.35 NOTE
r-devel-linux-x86_64-fedora-gcc 0.3.5 63.46 NOTE
r-devel-windows-x86_64 0.3.5 14.00 61.00 75.00 NOTE
r-patched-linux-x86_64 0.3.5 3.75 39.44 43.19 NOTE
r-release-linux-x86_64 0.3.5 3.62 38.98 42.60 NOTE
r-release-macos-arm64 0.3.5 19.00 NOTE
r-release-macos-x86_64 0.3.5 27.00 NOTE
r-release-windows-x86_64 0.3.5 16.00 67.00 83.00 NOTE
r-oldrel-macos-arm64 0.3.5 21.00 NOTE
r-oldrel-macos-x86_64 0.3.5 40.00 NOTE
r-oldrel-windows-ix86+x86_64 0.3.5 11.00 75.00 86.00 NOTE

Check Details

Version: 0.3.5
Check: LazyData
Result: NOTE
     'LazyData' is specified without a 'data' directory
Flavors: r-devel-linux-x86_64-debian-clang, r-devel-linux-x86_64-debian-gcc, r-devel-linux-x86_64-fedora-clang, r-devel-linux-x86_64-fedora-gcc, r-devel-windows-x86_64, r-patched-linux-x86_64, r-release-linux-x86_64, r-release-macos-arm64, r-release-macos-x86_64, r-release-windows-x86_64, r-oldrel-macos-arm64, r-oldrel-macos-x86_64, r-oldrel-windows-ix86+x86_64