Last updated on 2022-06-24 23:50:09 CEST.
Flavor | Version | Tinstall | Tcheck | Ttotal | Status | Flags |
---|---|---|---|---|---|---|
r-devel-linux-x86_64-debian-clang | 4.0.0 | 23.04 | 222.78 | 245.82 | NOTE | |
r-devel-linux-x86_64-debian-gcc | 4.0.0 | 16.84 | 162.17 | 179.01 | NOTE | |
r-devel-linux-x86_64-fedora-clang | 4.0.0 | 298.49 | NOTE | |||
r-devel-linux-x86_64-fedora-gcc | 4.0.0 | 289.90 | NOTE | |||
r-devel-windows-x86_64 | 4.0.0 | 77.00 | 265.00 | 342.00 | NOTE | |
r-patched-linux-x86_64 | 4.0.0 | 31.56 | 201.78 | 233.34 | OK | |
r-release-linux-x86_64 | 4.0.0 | 22.33 | 205.63 | 227.96 | OK | |
r-release-macos-arm64 | 4.0.0 | 72.00 | NOTE | |||
r-release-macos-x86_64 | 4.0.0 | 131.00 | NOTE | |||
r-release-windows-x86_64 | 4.0.0 | 84.00 | 274.00 | 358.00 | OK | |
r-oldrel-macos-arm64 | 4.0.0 | 104.00 | NOTE | |||
r-oldrel-macos-x86_64 | 4.0.0 | 110.00 | NOTE | |||
r-oldrel-windows-ix86+x86_64 | 4.0.0 | 46.00 | 259.00 | 305.00 | OK |
Version: 4.0.0
Check: Rd files
Result: NOTE
checkRd: (-1) dspg.Rd:29: Escaped LaTeX specials: \^ \^
checkRd: (-1) dspgd2015.Rd:31: Escaped LaTeX specials: \^ \^
Flavors: r-devel-linux-x86_64-debian-clang, r-devel-linux-x86_64-debian-gcc, r-devel-linux-x86_64-fedora-clang, r-devel-linux-x86_64-fedora-gcc, r-devel-windows-x86_64
Version: 4.0.0
Check: data for non-ASCII characters
Result: NOTE
Note: found 4 marked Latin-1 strings
Note: found 21 marked UTF-8 strings
Flavors: r-devel-linux-x86_64-fedora-clang, r-devel-linux-x86_64-fedora-gcc, r-release-macos-arm64, r-release-macos-x86_64, r-oldrel-macos-arm64, r-oldrel-macos-x86_64