CRAN Package Check Results for Package d3r

Last updated on 2021-04-22 23:49:36 CEST.

Flavor Version Tinstall Tcheck Ttotal Status Flags
r-devel-linux-x86_64-debian-clang 0.9.1 3.12 32.12 35.24 NOTE
r-devel-linux-x86_64-debian-gcc 0.9.1 2.23 25.07 27.30 NOTE
r-devel-linux-x86_64-fedora-clang 0.9.1 51.85 NOTE
r-devel-linux-x86_64-fedora-gcc 0.9.1 43.35 NOTE
r-devel-windows-ix86+x86_64 0.9.1 6.00 51.00 57.00 NOTE
r-devel-windows-x86_64-gcc10-UCRT 0.9.1 NOTE
r-patched-linux-x86_64 0.9.1 2.55 31.18 33.73 OK
r-patched-solaris-x86 0.9.1 67.20 OK
r-release-linux-x86_64 0.9.1 2.95 31.37 34.32 OK
r-release-macos-x86_64 0.9.1 OK
r-release-windows-ix86+x86_64 0.9.1 6.00 51.00 57.00 OK
r-oldrel-macos-x86_64 0.9.1 OK
r-oldrel-windows-ix86+x86_64 0.9.1 15.00 52.00 67.00 OK

Check Details

Version: 0.9.1
Check: LazyData
Result: NOTE
     'LazyData' is specified without a 'data' directory
Flavors: r-devel-linux-x86_64-debian-clang, r-devel-linux-x86_64-debian-gcc, r-devel-linux-x86_64-fedora-clang, r-devel-linux-x86_64-fedora-gcc, r-devel-windows-ix86+x86_64, r-devel-windows-x86_64-gcc10-UCRT