CRAN Package Check Results for Package cytominer

Last updated on 2022-01-18 23:47:41 CET.

Flavor Version Tinstall Tcheck Ttotal Status Flags
r-devel-linux-x86_64-debian-clang 0.2.2 7.76 121.49 129.25 NOTE
r-devel-linux-x86_64-debian-gcc 0.2.2 6.62 98.76 105.38 NOTE
r-devel-linux-x86_64-fedora-clang 0.2.2 157.29 NOTE
r-devel-linux-x86_64-fedora-gcc 0.2.2 145.23 NOTE
r-devel-windows-x86_64-new-UL 0.2.2 52.00 158.00 210.00 NOTE
r-devel-windows-x86_64-new-TK 0.2.2 NOTE
r-patched-linux-x86_64 0.2.2 7.04 118.98 126.02 NOTE
r-release-linux-x86_64 0.2.2 NOTE
r-release-macos-arm64 0.2.2 NOTE
r-release-macos-x86_64 0.2.2 NOTE
r-release-windows-ix86+x86_64 0.2.2 18.00 144.00 162.00 NOTE
r-oldrel-macos-x86_64 0.2.2 OK
r-oldrel-windows-ix86+x86_64 0.2.2 18.00 143.00 161.00 OK

Check Details

Version: 0.2.2
Check: LazyData
Result: NOTE
     'LazyData' is specified without a 'data' directory
Flavors: r-devel-linux-x86_64-debian-clang, r-devel-linux-x86_64-debian-gcc, r-devel-linux-x86_64-fedora-clang, r-devel-linux-x86_64-fedora-gcc, r-devel-windows-x86_64-new-UL, r-devel-windows-x86_64-new-TK, r-patched-linux-x86_64, r-release-linux-x86_64, r-release-macos-arm64, r-release-macos-x86_64, r-release-windows-ix86+x86_64