CRAN Package Check Results for Package cyphr

Last updated on 2019-08-18 23:47:31 CEST.

Flavor Version Tinstall Tcheck Ttotal Status Flags
r-devel-linux-x86_64-debian-clang 1.0.1 3.19 39.77 42.96 OK
r-devel-linux-x86_64-debian-gcc 1.0.1 2.50 32.26 34.76 OK
r-devel-linux-x86_64-fedora-clang 1.0.1 54.58 OK
r-devel-linux-x86_64-fedora-gcc 1.0.1 50.17 OK
r-devel-windows-ix86+x86_64 1.0.1 10.00 67.00 77.00 OK
r-patched-linux-x86_64 1.0.1 2.82 39.85 42.67 OK
r-patched-solaris-x86 1.0.1 82.70 OK
r-release-linux-x86_64 1.0.1 2.24 39.87 42.11 OK
r-release-windows-ix86+x86_64 1.0.1 5.00 49.00 54.00 OK
r-release-osx-x86_64 1.0.1 ERROR
r-oldrel-windows-ix86+x86_64 1.0.1 5.00 59.00 64.00 OK
r-oldrel-osx-x86_64 1.0.1 OK

Check Details

Version: 1.0.1
Check: tests
Result: ERROR
     Running ‘testthat.R’ [30s/63s]
    Running the tests in ‘tests/testthat.R’ failed.
    Last 13 lines of output:
     2: quasi_label(enquo(object), label)
     3: eval_bare(get_expr(quo), get_env(quo))
     4: with_connection(con, decrypt(readRDS(con2), x))
     5: close(con)
     6: close.connection(con)
    
     ══ testthat results ═══════════════════════════════════════════════════════════
     OK: 272 SKIPPED: 2 FAILED: 1
     1. Error: non-file arguments (@test-encrypt-wrapper.R#71)
    
     Error: testthat unit tests failed
     In addition: Warning message:
     In as.character(md$Built$R) :
     closing unused connection 3 (/var/folders/xn/m8dzdsgs7sg8q7jgflnqm8w80000gn/T//Rtmp8NbBae/file30d93392aefd)
     Execution halted
Flavor: r-release-osx-x86_64