CRAN Package Check Results for Package cyanoFilter

Last updated on 2020-05-24 23:47:41 CEST.

Flavor Version Tinstall Tcheck Ttotal Status Flags
r-devel-linux-x86_64-debian-clang 0.1.3 5.64 55.56 61.20 OK
r-devel-linux-x86_64-debian-gcc 0.1.3 4.52 43.63 48.15 OK
r-devel-linux-x86_64-fedora-clang 0.1.3 82.98 OK
r-devel-linux-x86_64-fedora-gcc 0.1.3 72.13 OK
r-devel-windows-ix86+x86_64 0.1.3 27.00 65.00 92.00 OK
r-patched-linux-x86_64 0.1.3 6.40 55.71 62.11 OK
r-release-linux-x86_64 0.1.3 6.33 55.09 61.42 OK
r-release-osx-x86_64 0.1.3 ERROR
r-release-windows-ix86+x86_64 0.1.3 14.00 97.00 111.00 OK
r-oldrel-osx-x86_64 0.1.3 OK
r-oldrel-windows-ix86+x86_64 0.1.3 12.00 94.00 106.00 OK

Check Details

Version: 0.1.3
Check: package dependencies
Result: ERROR
    Package required but not available: ‘flowDensity’
    
    See section ‘The DESCRIPTION file’ in the ‘Writing R Extensions’
    manual.
Flavor: r-release-osx-x86_64