CRAN Package Check Results for Package cvTools

Last updated on 2021-04-22 23:49:36 CEST.

Flavor Version Tinstall Tcheck Ttotal Status Flags
r-devel-linux-x86_64-debian-clang 0.3.2 4.31 120.54 124.85 NOTE
r-devel-linux-x86_64-debian-gcc 0.3.2 3.92 90.83 94.75 NOTE
r-devel-linux-x86_64-fedora-clang 0.3.2 153.32 NOTE
r-devel-linux-x86_64-fedora-gcc 0.3.2 144.85 NOTE
r-devel-windows-ix86+x86_64 0.3.2 10.00 141.00 151.00 NOTE
r-devel-windows-x86_64-gcc10-UCRT 0.3.2 NOTE
r-patched-linux-x86_64 0.3.2 5.66 114.88 120.54 NOTE
r-patched-solaris-x86 0.3.2 209.10 NOTE
r-release-linux-x86_64 0.3.2 4.89 115.53 120.42 NOTE
r-release-macos-x86_64 0.3.2 NOTE
r-release-windows-ix86+x86_64 0.3.2 9.00 143.00 152.00 NOTE
r-oldrel-macos-x86_64 0.3.2 NOTE
r-oldrel-windows-ix86+x86_64 0.3.2 6.00 142.00 148.00 NOTE

Check Details

Version: 0.3.2
Check: DESCRIPTION meta-information
Result: NOTE
    Packages listed in more than one of Depends, Imports, Suggests, Enhances:
     'lattice' 'robustbase'
    A package should be listed in only one of these fields.
Flavors: r-devel-linux-x86_64-debian-clang, r-devel-linux-x86_64-debian-gcc, r-devel-linux-x86_64-fedora-clang, r-devel-linux-x86_64-fedora-gcc, r-devel-windows-ix86+x86_64, r-devel-windows-x86_64-gcc10-UCRT, r-patched-linux-x86_64, r-patched-solaris-x86, r-release-linux-x86_64, r-release-macos-x86_64, r-release-windows-ix86+x86_64, r-oldrel-macos-x86_64, r-oldrel-windows-ix86+x86_64