CRAN Package Check Results for Package cubfits

Last updated on 2022-12-02 23:50:26 CET.

Flavor Version Tinstall Tcheck Ttotal Status Flags
r-devel-linux-x86_64-debian-clang 0.1-4 14.57 83.67 98.24 OK
r-devel-linux-x86_64-debian-gcc 0.1-4 10.93 63.04 73.97 OK
r-devel-linux-x86_64-fedora-clang 0.1-4 131.68 OK
r-devel-linux-x86_64-fedora-gcc 0.1-4 144.28 OK
r-devel-windows-x86_64 0.1-4 130.00 151.00 281.00 OK
r-patched-linux-x86_64 0.1-4 13.63 77.34 90.97 OK
r-release-linux-x86_64 0.1-4 10.71 79.08 89.79 OK
r-release-macos-arm64 0.1-4 37.00 NOTE
r-release-macos-x86_64 0.1-4 48.00 NOTE
r-release-windows-x86_64 0.1-4 75.00 148.00 223.00 OK
r-oldrel-macos-arm64 0.1-4 39.00 NOTE
r-oldrel-macos-x86_64 0.1-4 55.00 NOTE
r-oldrel-windows-ix86+x86_64 0.1-4 27.00 112.00 139.00 OK

Check Details

Version: 0.1-4
Check: package dependencies
Result: NOTE
    Package which this enhances but not available for checking: ‘pbdMPI’
Flavors: r-release-macos-arm64, r-release-macos-x86_64, r-oldrel-macos-arm64, r-oldrel-macos-x86_64