Last updated on 2022-07-06 23:52:42 CEST.
Flavor | Version | Tinstall | Tcheck | Ttotal | Status | Flags |
---|---|---|---|---|---|---|
r-devel-linux-x86_64-debian-clang | 1.0.1 | 30.76 | 474.30 | 505.06 | OK | |
r-devel-linux-x86_64-debian-gcc | 1.0.1 | 25.87 | 362.84 | 388.71 | OK | |
r-devel-linux-x86_64-fedora-clang | 1.0.1 | 595.44 | WARN | |||
r-devel-linux-x86_64-fedora-gcc | 1.0.1 | 605.70 | WARN | |||
r-devel-windows-x86_64 | 1.0.1 | 1377.00 | 673.00 | 2050.00 | OK | |
r-patched-linux-x86_64 | 1.0.1 | 33.28 | 459.19 | 492.47 | OK | |
r-release-linux-x86_64 | 1.0.1 | 28.59 | 465.94 | 494.53 | OK | |
r-release-macos-arm64 | 1.0.1 | 162.00 | OK | |||
r-release-macos-x86_64 | 1.0.1 | 305.00 | OK | |||
r-release-windows-x86_64 | 1.0.1 | 461.00 | 684.00 | 1145.00 | OK | |
r-oldrel-macos-arm64 | 1.0.1 | 165.00 | OK | |||
r-oldrel-macos-x86_64 | 1.0.1 | 246.00 | OK | |||
r-oldrel-windows-ix86+x86_64 | 1.0.1 | 241.00 | 628.00 | 869.00 | OK |
Version: 1.0.1
Check: package dependencies
Result: WARN
Requires (indirectly) orphaned package: ‘gtools’
Flavors: r-devel-linux-x86_64-fedora-clang, r-devel-linux-x86_64-fedora-gcc