Last updated on 2022-07-02 23:50:33 CEST.
Flavor | Version | Tinstall | Tcheck | Ttotal | Status | Flags |
---|---|---|---|---|---|---|
r-devel-linux-x86_64-debian-clang | 0.6.1 | 58.75 | 560.38 | 619.13 | OK | --no-vignettes |
r-devel-linux-x86_64-debian-gcc | 0.6.1 | 51.41 | 424.99 | 476.40 | OK | --no-vignettes |
r-devel-linux-x86_64-fedora-clang | 0.6.1 | 726.72 | OK | --no-vignettes | ||
r-devel-linux-x86_64-fedora-gcc | 0.6.1 | 736.71 | OK | --no-vignettes | ||
r-devel-windows-x86_64 | 0.6.1 | 1717.00 | 573.00 | 2290.00 | OK | --no-vignettes |
r-patched-linux-x86_64 | 0.6.1 | 59.69 | 544.46 | 604.15 | OK | --no-vignettes |
r-release-linux-x86_64 | 0.6.1 | 55.99 | 540.69 | 596.68 | OK | --no-vignettes |
r-release-macos-arm64 | 0.6.1 | 1803.00 | ERROR | |||
r-release-macos-x86_64 | 0.6.1 | 1803.00 | ERROR | |||
r-release-windows-x86_64 | 0.6.1 | 1481.00 | 576.00 | 2057.00 | OK | --no-vignettes |
r-oldrel-macos-arm64 | 0.6.1 | 1537.00 | OK | |||
r-oldrel-macos-x86_64 | 0.6.1 | 1802.00 | OK | |||
r-oldrel-windows-ix86+x86_64 | 0.6.1 | 282.00 | 677.00 | 959.00 | OK | --no-vignettes |
Version: 0.6.1
Check: re-building of vignette outputs
Result: ERROR
Error(s) in re-building vignettes:
...
--- re-building ‘akde.Rmd’ using rmarkdown
--- finished re-building ‘akde.Rmd’
--- re-building ‘error.Rmd’ using rmarkdown
--- finished re-building ‘error.Rmd’
--- re-building ‘periodogram.Rmd’ using rmarkdown
--- finished re-building ‘periodogram.Rmd’
--- re-building ‘variogram.Rmd’ using rmarkdown
Execution halted
* checking PDF version of manual ...* using check arguments '--no-clean-on-error '
Flavor: r-release-macos-arm64
Version: 0.6.1
Check: re-building of vignette outputs
Result: ERROR
Error(s) in re-building vignettes:
...
--- re-building ‘akde.Rmd’ using rmarkdown
--- finished re-building ‘akde.Rmd’
--- re-building ‘error.Rmd’ using rmarkdown
Execution halted
* checking PDF version of manual ...* using check arguments '--no-clean-on-error '
Flavor: r-release-macos-x86_64