CRAN Package Check Results for Package csampling

Last updated on 2024-06-24 00:50:06 CEST.

Flavor Version Tinstall Tcheck Ttotal Status Flags
r-devel-linux-x86_64-debian-clang 1.2-2.1 7.74 70.45 78.19 NOTE
r-devel-linux-x86_64-debian-gcc 1.2-2.1 6.27 51.55 57.82 NOTE
r-devel-linux-x86_64-fedora-clang 1.2-2.1 95.54 NOTE
r-devel-linux-x86_64-fedora-gcc 1.2-2.1 99.02 NOTE
r-devel-windows-x86_64 1.2-2.1 7.00 67.00 74.00 NOTE
r-patched-linux-x86_64 1.2-2.1 7.13 67.38 74.51 NOTE
r-release-linux-x86_64 1.2-2.1 7.53 67.19 74.72 NOTE
r-release-macos-arm64 1.2-2.1 31.00 NOTE
r-release-macos-x86_64 1.2-2.1 45.00 NOTE
r-release-windows-x86_64 1.2-2.1 7.00 66.00 73.00 NOTE
r-oldrel-macos-arm64 1.2-2.1 34.00 NOTE
r-oldrel-macos-x86_64 1.2-2.1 51.00 NOTE
r-oldrel-windows-x86_64 1.2-2.1 9.00 79.00 88.00 NOTE

Check Details

Version: 1.2-2.1
Check: LazyData
Result: NOTE 'LazyData' is specified without a 'data' directory Flavors: r-devel-linux-x86_64-debian-clang, r-devel-linux-x86_64-debian-gcc, r-devel-linux-x86_64-fedora-clang, r-devel-linux-x86_64-fedora-gcc, r-devel-windows-x86_64, r-patched-linux-x86_64, r-release-linux-x86_64, r-release-macos-arm64, r-release-macos-x86_64, r-release-windows-x86_64, r-oldrel-macos-arm64, r-oldrel-macos-x86_64, r-oldrel-windows-x86_64