CRAN Package Check Results for Package crtests

Last updated on 2022-12-04 23:53:31 CET.

Flavor Version Tinstall Tcheck Ttotal Status Flags
r-devel-linux-x86_64-debian-clang 0.2.1 3.59 52.45 56.04 NOTE
r-devel-linux-x86_64-debian-gcc 0.2.1 2.72 40.56 43.28 NOTE
r-devel-linux-x86_64-fedora-clang 0.2.1 80.03 NOTE
r-devel-linux-x86_64-fedora-gcc 0.2.1 87.88 NOTE
r-devel-windows-x86_64 0.2.1 22.00 85.00 107.00 NOTE
r-patched-linux-x86_64 0.2.1 2.80 48.86 51.66 NOTE
r-release-linux-x86_64 0.2.1 2.17 47.47 49.64 NOTE
r-release-macos-arm64 0.2.1 26.00 NOTE
r-release-macos-x86_64 0.2.1 42.00 NOTE
r-release-windows-x86_64 0.2.1 24.00 87.00 111.00 NOTE
r-oldrel-macos-arm64 0.2.1 31.00 NOTE
r-oldrel-macos-x86_64 0.2.1 42.00 NOTE
r-oldrel-windows-ix86+x86_64 0.2.1 8.00 78.00 86.00 NOTE

Check Details

Version: 0.2.1
Check: LazyData
Result: NOTE
     'LazyData' is specified without a 'data' directory
Flavors: r-devel-linux-x86_64-debian-clang, r-devel-linux-x86_64-debian-gcc, r-devel-linux-x86_64-fedora-clang, r-devel-linux-x86_64-fedora-gcc, r-devel-windows-x86_64, r-patched-linux-x86_64, r-release-linux-x86_64, r-release-macos-arm64, r-release-macos-x86_64, r-release-windows-x86_64, r-oldrel-macos-arm64, r-oldrel-macos-x86_64, r-oldrel-windows-ix86+x86_64