CRAN Package Check Results for Package crsra

Last updated on 2019-08-11 23:47:27 CEST.

Flavor Version Tinstall Tcheck Ttotal Status Flags
r-devel-linux-x86_64-debian-clang 0.2.3 9.43 81.16 90.59 OK
r-devel-linux-x86_64-debian-gcc 0.2.3 8.21 64.51 72.72 OK
r-devel-linux-x86_64-fedora-clang 0.2.3 107.81 NOTE
r-devel-linux-x86_64-fedora-gcc 0.2.3 106.23 NOTE
r-devel-windows-ix86+x86_64 0.2.3 30.00 124.00 154.00 OK
r-patched-linux-x86_64 0.2.3 8.26 80.18 88.44 OK
r-patched-solaris-x86 0.2.3 179.80 NOTE
r-release-linux-x86_64 0.2.3 9.19 79.08 88.27 OK
r-release-windows-ix86+x86_64 0.2.3 29.00 128.00 157.00 OK
r-release-osx-x86_64 0.2.3 NOTE
r-oldrel-windows-ix86+x86_64 0.2.3 18.00 117.00 135.00 OK
r-oldrel-osx-x86_64 0.2.3 NOTE

Check Details

Version: 0.2.3
Check: data for non-ASCII characters
Result: NOTE
     Note: found 500 marked UTF-8 strings
Flavors: r-devel-linux-x86_64-fedora-clang, r-devel-linux-x86_64-fedora-gcc, r-patched-solaris-x86, r-release-osx-x86_64, r-oldrel-osx-x86_64