CRAN Package Check Results for Package crsra

Last updated on 2019-05-25 02:49:16 CEST.

Flavor Version Tinstall Tcheck Ttotal Status Flags
r-devel-linux-x86_64-debian-clang 0.2.3 9.96 83.34 93.30 OK
r-devel-linux-x86_64-debian-gcc 0.2.3 8.10 63.19 71.29 OK
r-devel-linux-x86_64-fedora-clang 0.2.3 113.53 NOTE
r-devel-linux-x86_64-fedora-gcc 0.2.3 110.71 NOTE
r-devel-windows-ix86+x86_64 0.2.3 21.00 105.00 126.00 OK
r-patched-linux-x86_64 0.2.3 OK
r-patched-solaris-x86 0.2.3 172.60 NOTE
r-release-linux-x86_64 0.2.3 10.10 80.58 90.68 OK
r-release-windows-ix86+x86_64 0.2.3 27.00 133.00 160.00 OK
r-release-osx-x86_64 0.2.3 NOTE
r-oldrel-windows-ix86+x86_64 0.2.3 18.00 126.00 144.00 OK
r-oldrel-osx-x86_64 0.2.3 NOTE

Check Details

Version: 0.2.3
Check: data for non-ASCII characters
Result: NOTE
     Note: found 500 marked UTF-8 strings
Flavors: r-devel-linux-x86_64-fedora-clang, r-devel-linux-x86_64-fedora-gcc, r-patched-solaris-x86, r-release-osx-x86_64, r-oldrel-osx-x86_64