CRAN Package Check Results for Package crrSC

Last updated on 2024-06-14 00:53:38 CEST.

Flavor Version Tinstall Tcheck Ttotal Status Flags
r-devel-linux-x86_64-debian-clang 1.1.2 11.95 71.24 83.19 OK
r-devel-linux-x86_64-debian-gcc 1.1.2 9.90 53.19 63.09 OK
r-devel-linux-x86_64-fedora-clang 1.1.2 102.88 NOTE
r-devel-linux-x86_64-fedora-gcc 1.1.2 98.05 NOTE
r-devel-windows-x86_64 1.1.2 12.00 76.00 88.00 OK
r-patched-linux-x86_64 1.1.2 12.71 69.47 82.18 OK
r-release-linux-x86_64 1.1.2 12.14 69.21 81.35 OK
r-release-macos-arm64 1.1.2 36.00 OK
r-release-macos-x86_64 1.1.2 47.00 OK
r-release-windows-x86_64 1.1.2 13.00 79.00 92.00 OK
r-oldrel-macos-arm64 1.1.2 39.00 OK
r-oldrel-macos-x86_64 1.1.2 59.00 OK
r-oldrel-windows-x86_64 1.1.2 16.00 83.00 99.00 OK

Check Details

Version: 1.1.2
Check: compiled code
Result: NOTE File ‘crrSC/libs/crrSC.so’: Found no calls to: ‘R_registerRoutines’, ‘R_useDynamicSymbols’ It is good practice to register native routines and to disable symbol search. See ‘Writing portable packages’ in the ‘Writing R Extensions’ manual. Flavors: r-devel-linux-x86_64-fedora-clang, r-devel-linux-x86_64-fedora-gcc