CRAN Package Check Results for Package crrSC

Last updated on 2019-10-13 23:47:17 CEST.

Flavor Version Tinstall Tcheck Ttotal Status Flags
r-devel-linux-x86_64-debian-clang 1.1 12.67 53.16 65.83 NOTE
r-devel-linux-x86_64-debian-gcc 1.1 8.11 42.82 50.93 NOTE
r-devel-linux-x86_64-fedora-clang 1.1 78.76 NOTE
r-devel-linux-x86_64-fedora-gcc 1.1 76.68 NOTE
r-devel-windows-ix86+x86_64 1.1 21.00 106.00 127.00 NOTE
r-patched-linux-x86_64 1.1 8.46 51.43 59.89 NOTE
r-patched-solaris-x86 1.1 119.80 NOTE
r-release-linux-x86_64 1.1 9.80 52.75 62.55 NOTE
r-release-windows-ix86+x86_64 1.1 26.00 83.00 109.00 NOTE
r-release-osx-x86_64 1.1 NOTE
r-oldrel-windows-ix86+x86_64 1.1 16.00 85.00 101.00 NOTE
r-oldrel-osx-x86_64 1.1 NOTE

Check Details

Version: 1.1
Check: R code for possible problems
Result: NOTE
    crrc: no visible binding for global variable 'na.omit'
    crrs: no visible binding for global variable 'na.omit'
    mycrr: no visible binding for global variable 'na.omit'
    mycrr.test: no visible binding for global variable 'na.omit'
    print.crrs: no visible global function definition for 'pnorm'
    psh.test: no visible global function definition for 'pchisq'
    Undefined global functions or variables:
     na.omit pchisq pnorm
    Consider adding
     importFrom("stats", "na.omit", "pchisq", "pnorm")
    to your NAMESPACE file.
Flavors: r-devel-linux-x86_64-debian-clang, r-devel-linux-x86_64-debian-gcc, r-devel-linux-x86_64-fedora-clang, r-devel-linux-x86_64-fedora-gcc, r-devel-windows-ix86+x86_64, r-patched-linux-x86_64, r-patched-solaris-x86, r-release-linux-x86_64, r-release-windows-ix86+x86_64, r-release-osx-x86_64, r-oldrel-windows-ix86+x86_64, r-oldrel-osx-x86_64

Version: 1.1
Check: compiled code
Result: NOTE
    File ‘crrSC/libs/crrSC.so’:
     Found no calls to: ‘R_registerRoutines’, ‘R_useDynamicSymbols’
    
    It is good practice to register native routines and to disable symbol
    search.
    
    See ‘Writing portable packages’ in the ‘Writing R Extensions’ manual.
Flavors: r-devel-linux-x86_64-fedora-clang, r-devel-linux-x86_64-fedora-gcc