CRAN Package Check Results for Package crossnma

Last updated on 2022-11-26 23:58:12 CET.

Flavor Version Tinstall Tcheck Ttotal Status Flags
r-devel-linux-x86_64-debian-clang 1.0.1 17.53 366.30 383.83 OK
r-devel-linux-x86_64-debian-gcc 1.0.1 14.47 281.20 295.67 OK
r-devel-linux-x86_64-fedora-clang 1.0.1 481.73 OK
r-devel-linux-x86_64-fedora-gcc 1.0.1 507.55 OK
r-devel-windows-x86_64 1.0.1 30.00 474.00 504.00 OK
r-patched-linux-x86_64 1.0.1 OK
r-release-linux-x86_64 1.0.1 12.69 357.42 370.11 OK
r-release-macos-arm64 1.0.1 120.00 OK
r-release-macos-x86_64 1.0.1 167.00 OK
r-release-windows-x86_64 1.0.1 26.00 469.00 495.00 OK
r-oldrel-macos-arm64 1.0.1 128.00 OK
r-oldrel-macos-x86_64 1.0.1 152.00 OK
r-oldrel-windows-ix86+x86_64 1.0.1 36.00 455.00 491.00 ERROR

Check Details

Version: 1.0.1
Check: PDF version of manual
Result: WARN
    LaTeX errors when creating PDF version.
    This typically indicates Rd problems.
    LaTeX errors found:
    ! Package inputenc Error: Unicode char â<c2><80><c2><90> (U+2010)
    (inputenc) not set up for use with LaTeX.
    
    See the inputenc package documentation for explanation.
    Type H <return> for immediate help.
    ! Package inputenc Error: Unicode char â<c2><80><c2><90> (U+2010)
    (inputenc) not set up for use with LaTeX.
    
    See the inputenc package documentation for explanation.
    Type H <return> for immediate help.
Flavor: r-oldrel-windows-ix86+x86_64

Version: 1.0.1
Check: PDF version of manual without hyperrefs or index
Result: ERROR
Flavor: r-oldrel-windows-ix86+x86_64