CRAN Package Check Results for Package cromwellDashboard

Last updated on 2023-02-06 23:55:40 CET.

Flavor Version Tinstall Tcheck Ttotal Status Flags
r-devel-linux-x86_64-debian-clang 0.5.1 3.69 34.33 38.02 NOTE
r-devel-linux-x86_64-debian-gcc 0.5.1 3.41 27.58 30.99 NOTE
r-devel-linux-x86_64-fedora-clang 0.5.1 49.69 NOTE
r-devel-linux-x86_64-fedora-gcc 0.5.1 50.02 NOTE
r-devel-windows-x86_64 0.5.1 23.00 63.00 86.00 NOTE
r-patched-linux-x86_64 0.5.1 4.39 36.17 40.56 NOTE
r-release-linux-x86_64 0.5.1 3.12 36.42 39.54 NOTE
r-release-macos-arm64 0.5.1 18.00 NOTE
r-release-macos-x86_64 0.5.1 30.00 NOTE
r-release-windows-x86_64 0.5.1 25.00 72.00 97.00 NOTE
r-oldrel-macos-arm64 0.5.1 24.00 NOTE
r-oldrel-macos-x86_64 0.5.1 31.00 NOTE
r-oldrel-windows-ix86+x86_64 0.5.1 12.00 66.00 78.00 NOTE

Check Details

Version: 0.5.1
Check: LazyData
Result: NOTE
     'LazyData' is specified without a 'data' directory
Flavors: r-devel-linux-x86_64-debian-clang, r-devel-linux-x86_64-debian-gcc, r-devel-linux-x86_64-fedora-clang, r-devel-linux-x86_64-fedora-gcc, r-devel-windows-x86_64, r-patched-linux-x86_64, r-release-linux-x86_64, r-release-macos-arm64, r-release-macos-x86_64, r-release-windows-x86_64, r-oldrel-macos-arm64, r-oldrel-macos-x86_64, r-oldrel-windows-ix86+x86_64