CRAN Package Check Results for Package crimelinkage

Last updated on 2021-04-17 23:48:21 CEST.

Flavor Version Tinstall Tcheck Ttotal Status Flags
r-devel-linux-x86_64-debian-clang 0.0.4 5.07 82.65 87.72 NOTE
r-devel-linux-x86_64-debian-gcc 0.0.4 3.62 61.90 65.52 NOTE
r-devel-linux-x86_64-fedora-clang 0.0.4 112.55 NOTE
r-devel-linux-x86_64-fedora-gcc 0.0.4 106.31 NOTE
r-devel-windows-ix86+x86_64 0.0.4 8.00 111.00 119.00 NOTE
r-devel-windows-x86_64-gcc10-UCRT 0.0.4 NOTE
r-patched-linux-x86_64 0.0.4 4.71 79.36 84.07 NOTE
r-patched-solaris-x86 0.0.4 167.60 NOTE
r-release-linux-x86_64 0.0.4 4.67 78.51 83.18 NOTE
r-release-macos-x86_64 0.0.4 NOTE
r-release-windows-ix86+x86_64 0.0.4 7.00 111.00 118.00 NOTE
r-oldrel-macos-x86_64 0.0.4 NOTE
r-oldrel-windows-ix86+x86_64 0.0.4 5.00 106.00 111.00 NOTE

Check Details

Version: 0.0.4
Check: DESCRIPTION meta-information
Result: NOTE
    BugReports field is not a suitable URL but contains an email address:
     use the Contact field instead
Flavors: r-devel-linux-x86_64-debian-clang, r-devel-linux-x86_64-debian-gcc, r-devel-linux-x86_64-fedora-clang, r-devel-linux-x86_64-fedora-gcc, r-devel-windows-ix86+x86_64, r-devel-windows-x86_64-gcc10-UCRT, r-patched-linux-x86_64, r-patched-solaris-x86, r-release-linux-x86_64, r-release-macos-x86_64, r-release-windows-ix86+x86_64, r-oldrel-windows-ix86+x86_64

Version: 0.0.4
Check: DESCRIPTION meta-information
Result: NOTE
    BugReports field is not a suitable URL but contains an email address
     which will be used as from R 3.4.0
Flavor: r-oldrel-macos-x86_64