CRAN Package Check Results for Package crfsuite

Last updated on 2024-06-19 00:49:25 CEST.

Flavor Version Tinstall Tcheck Ttotal Status Flags
r-devel-linux-x86_64-debian-clang 0.4.2 65.26 130.35 195.61 NOTE
r-devel-linux-x86_64-debian-gcc 0.4.2 45.71 110.34 156.05 NOTE
r-devel-linux-x86_64-fedora-clang 0.4.2 256.19 NOTE
r-devel-linux-x86_64-fedora-gcc 0.4.2 305.55 NOTE
r-devel-windows-x86_64 0.4.2 58.00 154.00 212.00 NOTE
r-patched-linux-x86_64 0.4.2 57.86 144.68 202.54 NOTE
r-release-linux-x86_64 0.4.2 57.01 145.08 202.09 NOTE
r-release-macos-arm64 0.4.2 76.00 NOTE
r-release-macos-x86_64 0.4.2 106.00 NOTE
r-release-windows-x86_64 0.4.2 58.00 152.00 210.00 NOTE
r-oldrel-macos-arm64 0.4.2 104.00 OK
r-oldrel-macos-x86_64 0.4.2 229.00 OK
r-oldrel-windows-x86_64 0.4.2 61.00 191.00 252.00 OK

Check Details

Version: 0.4.2
Check: Rd files
Result: NOTE checkRd: (-1) airbnb.Rd:14: Lost braces in \itemize; meant \describe ? checkRd: (-1) airbnb.Rd:15: Lost braces in \itemize; meant \describe ? checkRd: (-1) airbnb.Rd:16: Lost braces in \itemize; meant \describe ? checkRd: (-1) airbnb_chunks.Rd:12: Lost braces in \itemize; meant \describe ? checkRd: (-1) airbnb_chunks.Rd:13: Lost braces in \itemize; meant \describe ? checkRd: (-1) airbnb_chunks.Rd:14: Lost braces in \itemize; meant \describe ? checkRd: (-1) airbnb_chunks.Rd:15: Lost braces in \itemize; meant \describe ? checkRd: (-1) airbnb_chunks.Rd:16: Lost braces in \itemize; meant \describe ? checkRd: (-1) airbnb_chunks.Rd:17: Lost braces in \itemize; meant \describe ? checkRd: (-1) airbnb_chunks.Rd:18: Lost braces in \itemize; meant \describe ? checkRd: (-1) airbnb_chunks.Rd:19: Lost braces in \itemize; meant \describe ? checkRd: (-1) crf.Rd:30: Lost braces in \itemize; meant \describe ? checkRd: (-1) crf.Rd:31: Lost braces in \itemize; meant \describe ? checkRd: (-1) crf.Rd:32: Lost braces in \itemize; meant \describe ? checkRd: (-1) crf.Rd:33: Lost braces in \itemize; meant \describe ? checkRd: (-1) crf.Rd:34: Lost braces in \itemize; meant \describe ? checkRd: (-1) crf.Rd:52: Lost braces in \itemize; \value handles \item{}{} directly checkRd: (-1) crf.Rd:53: Lost braces in \itemize; \value handles \item{}{} directly checkRd: (-1) crf.Rd:54: Lost braces in \itemize; \value handles \item{}{} directly checkRd: (-1) crf.Rd:55: Lost braces in \itemize; \value handles \item{}{} directly checkRd: (-1) crf.Rd:56: Lost braces in \itemize; \value handles \item{}{} directly checkRd: (-1) crf.Rd:57: Lost braces in \itemize; \value handles \item{}{} directly checkRd: (-1) crf.Rd:58: Lost braces in \itemize; \value handles \item{}{} directly checkRd: (-1) crf.Rd:59: Lost braces in \itemize; \value handles \item{}{} directly checkRd: (-1) crf.Rd:60: Lost braces in \itemize; \value handles \item{}{} directly checkRd: (-1) crf_options.Rd:14: Lost braces in \itemize; meant \describe ? checkRd: (-1) crf_options.Rd:15: Lost braces in \itemize; meant \describe ? checkRd: (-1) crf_options.Rd:16: Lost braces in \itemize; meant \describe ? checkRd: (-1) crf_options.Rd:17: Lost braces in \itemize; meant \describe ? checkRd: (-1) crf_options.Rd:18: Lost braces in \itemize; meant \describe ? checkRd: (-1) crf_options.Rd:24: Lost braces in \itemize; \value handles \item{}{} directly checkRd: (-1) crf_options.Rd:25: Lost braces in \itemize; \value handles \item{}{} directly checkRd: (-1) crf_options.Rd:26: Lost braces in \itemize; \value handles \item{}{} directly checkRd: (-1) crf_options.Rd:27: Lost braces in \itemize; \value handles \item{}{} directly checkRd: (-1) ner_download_modeldata.Rd:20: Lost braces in \itemize; meant \describe ? checkRd: (-1) ner_download_modeldata.Rd:21: Lost braces in \itemize; meant \describe ? checkRd: (-1) ner_download_modeldata.Rd:22: Lost braces in \itemize; meant \describe ? Flavors: r-devel-linux-x86_64-debian-clang, r-devel-linux-x86_64-debian-gcc, r-devel-linux-x86_64-fedora-clang, r-devel-linux-x86_64-fedora-gcc, r-devel-windows-x86_64, r-patched-linux-x86_64, r-release-linux-x86_64, r-release-macos-arm64, r-release-macos-x86_64, r-release-windows-x86_64