CRAN Package Check Results for Package credentials

Last updated on 2021-04-22 23:49:35 CEST.

Flavor Version Tinstall Tcheck Ttotal Status Flags
r-devel-linux-x86_64-debian-clang 1.3.0 2.86 27.71 30.57 OK
r-devel-linux-x86_64-debian-gcc 1.3.0 2.13 22.12 24.25 OK
r-devel-linux-x86_64-fedora-clang 1.3.0 46.84 OK
r-devel-linux-x86_64-fedora-gcc 1.3.0 38.14 OK
r-devel-windows-ix86+x86_64 1.3.0 10.00 54.00 64.00 OK
r-devel-windows-x86_64-gcc10-UCRT 1.3.0 FAIL
r-patched-linux-x86_64 1.3.0 2.71 26.47 29.18 OK
r-patched-solaris-x86 1.3.0 51.20 OK
r-release-linux-x86_64 1.3.0 2.73 26.67 29.40 OK
r-release-macos-x86_64 1.3.0 OK
r-release-windows-ix86+x86_64 1.3.0 8.00 45.00 53.00 OK
r-oldrel-macos-x86_64 1.3.0 OK
r-oldrel-windows-ix86+x86_64 1.3.0 5.00 45.00 50.00 OK

Check Details

Version: 1.3.0
Check: re-building of vignette outputs
Result: FAIL
Flavor: r-devel-windows-x86_64-gcc10-UCRT