CRAN Package Check Results for Package cpss

Last updated on 2022-07-06 23:52:41 CEST.

Flavor Version Tinstall Tcheck Ttotal Status Flags
r-devel-linux-x86_64-debian-clang 0.0.2 78.73 81.34 160.07 NOTE
r-devel-linux-x86_64-debian-gcc 0.0.2 65.51 61.14 126.65 NOTE
r-devel-linux-x86_64-fedora-clang 0.0.2 239.48 NOTE
r-devel-linux-x86_64-fedora-gcc 0.0.2 221.82 NOTE
r-devel-windows-x86_64 0.0.2 156.00 123.00 279.00 NOTE
r-patched-linux-x86_64 0.0.2 74.84 77.53 152.37 NOTE
r-release-linux-x86_64 0.0.2 74.04 77.97 152.01 NOTE
r-release-macos-arm64 0.0.2 54.00 NOTE
r-release-macos-x86_64 0.0.2 104.00 NOTE
r-release-windows-x86_64 0.0.2 79.00 125.00 204.00 NOTE
r-oldrel-macos-arm64 0.0.2 60.00 NOTE
r-oldrel-macos-x86_64 0.0.2 74.00 NOTE
r-oldrel-windows-ix86+x86_64 0.0.2 185.00 144.00 329.00 NOTE

Check Details

Version: 0.0.2
Check: LazyData
Result: NOTE
     'LazyData' is specified without a 'data' directory
Flavors: r-devel-linux-x86_64-debian-clang, r-devel-linux-x86_64-debian-gcc, r-devel-linux-x86_64-fedora-clang, r-devel-linux-x86_64-fedora-gcc, r-devel-windows-x86_64, r-patched-linux-x86_64, r-release-linux-x86_64, r-release-macos-arm64, r-release-macos-x86_64, r-release-windows-x86_64, r-oldrel-macos-arm64, r-oldrel-macos-x86_64, r-oldrel-windows-ix86+x86_64

Version: 0.0.2
Check: installed package size
Result: NOTE
     installed size is 5.1Mb
     sub-directories of 1Mb or more:
     libs 4.9Mb
Flavor: r-oldrel-macos-arm64