CRAN Package Check Results for Package cpr

Last updated on 2022-11-29 22:53:33 CET.

Flavor Version Tinstall Tcheck Ttotal Status Flags
r-devel-linux-x86_64-debian-clang 0.2.3 97.75 115.12 212.87 NOTE
r-devel-linux-x86_64-debian-gcc 0.2.3 75.24 85.52 160.76 NOTE
r-devel-linux-x86_64-fedora-clang 0.2.3 317.35 NOTE
r-devel-linux-x86_64-fedora-gcc 0.2.3 303.00 NOTE
r-devel-windows-x86_64 0.2.3 93.00 176.00 269.00 NOTE
r-patched-linux-x86_64 0.2.3 81.24 105.93 187.17 OK
r-release-linux-x86_64 0.2.3 75.94 107.94 183.88 OK
r-release-macos-arm64 0.2.3 68.00 OK
r-release-macos-x86_64 0.2.3 114.00 OK
r-release-windows-x86_64 0.2.3 90.00 170.00 260.00 OK
r-oldrel-macos-arm64 0.2.3 85.00 OK
r-oldrel-macos-x86_64 0.2.3 115.00 OK
r-oldrel-windows-ix86+x86_64 0.2.3 240.00 225.00 465.00 OK

Check Details

Version: 0.2.3
Check: package subdirectories
Result: NOTE
    Problems with news in 'NEWS.md':
     Cannot extract version info from the following section titles:
     Non-visible changes:
Flavors: r-devel-linux-x86_64-debian-clang, r-devel-linux-x86_64-debian-gcc, r-devel-linux-x86_64-fedora-clang, r-devel-linux-x86_64-fedora-gcc, r-devel-windows-x86_64