CRAN Package Check Results for Package coxrt

Last updated on 2022-12-01 23:51:40 CET.

Flavor Version Tinstall Tcheck Ttotal Status Flags
r-devel-linux-x86_64-debian-clang 1.0.3 48.68 195.57 244.25 NOTE
r-devel-linux-x86_64-debian-gcc 1.0.3 32.20 144.10 176.30 NOTE
r-devel-linux-x86_64-fedora-clang 1.0.3 328.16 NOTE
r-devel-linux-x86_64-fedora-gcc 1.0.3 332.69 NOTE
r-devel-windows-x86_64 1.0.3 45.00 231.00 276.00 NOTE
r-patched-linux-x86_64 1.0.3 37.90 182.67 220.57 NOTE
r-release-linux-x86_64 1.0.3 39.75 183.00 222.75 NOTE
r-release-macos-arm64 1.0.3 81.00 NOTE
r-release-macos-x86_64 1.0.3 147.00 NOTE
r-release-windows-x86_64 1.0.3 42.00 246.00 288.00 NOTE
r-oldrel-macos-arm64 1.0.3 100.00 NOTE
r-oldrel-macos-x86_64 1.0.3 148.00 NOTE
r-oldrel-windows-ix86+x86_64 1.0.3 109.00 276.00 385.00 NOTE

Check Details

Version: 1.0.3
Check: LazyData
Result: NOTE
     'LazyData' is specified without a 'data' directory
Flavors: r-devel-linux-x86_64-debian-clang, r-devel-linux-x86_64-debian-gcc, r-devel-linux-x86_64-fedora-clang, r-devel-linux-x86_64-fedora-gcc, r-devel-windows-x86_64, r-patched-linux-x86_64, r-release-linux-x86_64, r-release-macos-arm64, r-release-macos-x86_64, r-release-windows-x86_64, r-oldrel-macos-arm64, r-oldrel-macos-x86_64, r-oldrel-windows-ix86+x86_64