CRAN Package Check Results for Package cowsay

Last updated on 2019-09-08 23:47:10 CEST.

Flavor Version Tinstall Tcheck Ttotal Status Flags
r-devel-linux-x86_64-debian-clang 0.7.0 OK
r-devel-linux-x86_64-debian-gcc 0.7.0 1.73 18.36 20.09 OK
r-devel-linux-x86_64-fedora-clang 0.7.0 30.77 OK
r-devel-linux-x86_64-fedora-gcc 0.7.0 30.02 OK
r-devel-windows-ix86+x86_64 0.7.0 8.00 39.00 47.00 OK
r-patched-linux-x86_64 0.7.0 1.96 22.39 24.35 OK
r-patched-solaris-x86 0.7.0 45.20 OK
r-release-linux-x86_64 0.7.0 1.71 22.59 24.30 OK
r-release-windows-ix86+x86_64 0.7.0 4.00 43.00 47.00 OK
r-release-osx-x86_64 0.7.0 OK
r-oldrel-windows-ix86+x86_64 0.7.0 5.00 39.00 44.00 WARN
r-oldrel-osx-x86_64 0.7.0 OK

Check Details

Version: 0.7.0
Check: re-building of vignette outputs
Result: WARN
    Error in re-building vignettes:
     ...
    Quitting from lines 139-144 (cowsay_tutorial.Rmd)
    Error: processing vignette 'cowsay_tutorial.Rmd' failed with diagnostics:
    If you're on Windows, you can't use:
    anxiouscat
    fish
    grumpycat
    longcat
    longtailcat
    mushroom
    shortcat
    signbunny
    stretchycat
    Execution halted
Flavor: r-oldrel-windows-ix86+x86_64