CRAN Package Check Results for Package cowplot

Last updated on 2022-09-30 23:55:27 CEST.

Flavor Version Tinstall Tcheck Ttotal Status Flags
r-devel-linux-x86_64-debian-clang 1.1.1 6.58 127.75 134.33 NOTE
r-devel-linux-x86_64-debian-gcc 1.1.1 6.02 90.48 96.50 NOTE
r-devel-linux-x86_64-fedora-clang 1.1.1 178.06 NOTE
r-devel-linux-x86_64-fedora-gcc 1.1.1 168.03 NOTE
r-devel-windows-x86_64 1.1.1 80.00 170.00 250.00 NOTE
r-patched-linux-x86_64 1.1.1 11.95 116.61 128.56 NOTE
r-release-linux-x86_64 1.1.1 7.57 116.32 123.89 NOTE
r-release-macos-arm64 1.1.1 44.00 NOTE
r-release-macos-x86_64 1.1.1 65.00 NOTE
r-release-windows-x86_64 1.1.1 57.00 157.00 214.00 NOTE
r-oldrel-macos-arm64 1.1.1 60.00 NOTE
r-oldrel-macos-x86_64 1.1.1 87.00 NOTE
r-oldrel-windows-ix86+x86_64 1.1.1 16.00 159.00 175.00 NOTE

Check Details

Version: 1.1.1
Check: LazyData
Result: NOTE
     'LazyData' is specified without a 'data' directory
Flavors: r-devel-linux-x86_64-debian-clang, r-devel-linux-x86_64-debian-gcc, r-devel-linux-x86_64-fedora-clang, r-devel-linux-x86_64-fedora-gcc, r-devel-windows-x86_64, r-patched-linux-x86_64, r-release-linux-x86_64, r-release-macos-arm64, r-release-macos-x86_64, r-release-windows-x86_64, r-oldrel-macos-arm64, r-oldrel-macos-x86_64, r-oldrel-windows-ix86+x86_64