CRAN Package Check Results for Package covidregionaldata

Last updated on 2020-10-29 23:50:10 CET.

Flavor Version Tinstall Tcheck Ttotal Status Flags
r-devel-linux-x86_64-debian-clang 0.6.0 7.74 75.87 83.61 OK
r-devel-linux-x86_64-debian-gcc 0.6.0 5.92 57.69 63.61 OK
r-devel-linux-x86_64-fedora-clang 0.6.0 110.22 NOTE
r-devel-linux-x86_64-fedora-gcc 0.6.0 99.31 NOTE
r-devel-windows-ix86+x86_64 0.6.0 19.00 125.00 144.00 OK
r-patched-linux-x86_64 0.6.0 7.59 71.69 79.28 OK
r-patched-solaris-x86 0.6.0 145.70 NOTE
r-release-linux-x86_64 0.6.0 7.18 70.37 77.55 OK
r-release-macos-x86_64 0.6.0 NOTE
r-release-windows-ix86+x86_64 0.6.0 15.00 120.00 135.00 OK
r-oldrel-macos-x86_64 0.6.0 ERROR
r-oldrel-windows-ix86+x86_64 0.6.0 15.00 115.00 130.00 ERROR

Check Details

Version: 0.6.0
Check: dependencies in R code
Result: NOTE
    Namespaces in Imports field not imported from:
     ‘magrittr’ ‘yaml’
     All declared Imports should be used.
Flavors: r-devel-linux-x86_64-fedora-clang, r-devel-linux-x86_64-fedora-gcc, r-patched-solaris-x86, r-release-macos-x86_64, r-oldrel-macos-x86_64

Version: 0.6.0
Check: package dependencies
Result: NOTE
    Package suggested but not available for checking: ‘pkgdown’
Flavor: r-patched-solaris-x86

Version: 0.6.0
Check: tests
Result: ERROR
     Running ‘spelling.R’ [0s/0s]
     Running ‘testthat.R’ [20s/29s]
    Running the tests in ‘tests/testthat.R’ failed.
    Last 13 lines of output:
     ── 1. Failure: convert_to_Covid19R_format converts correctly (@test-utils.R#103)
     `returned` not equal to `expected_data`.
     Component "date": Modes: character, numeric
     Component "date": Attributes: < target is NULL, current is list >
     Component "date": target is character, current is factor
     Component "location": Modes: character, numeric
     Component "location": Attributes: < target is NULL, current is list >
     Component "location": target is character, current is factor
    
     ══ testthat results ═══════════════════════════════════════════════════════════
     [ OK: 22 | SKIPPED: 46 | WARNINGS: 0 | FAILED: 1 ]
     1. Failure: convert_to_Covid19R_format converts correctly (@test-utils.R#103)
    
     Error: testthat unit tests failed
     Execution halted
Flavor: r-oldrel-macos-x86_64

Version: 0.6.0
Check: tests
Result: ERROR
     Running 'spelling.R' [0s]
     Running 'testthat.R' [43s]
    Running the tests in 'tests/testthat.R' failed.
    Complete output:
     > library(testthat)
     > library(covidregionaldata)
     > source("testthat/custom_tests/mock_data.R")
     >
     > test_check("covidregionaldata")
     -- 1. Failure: convert_to_Covid19R_format converts correctly (@test-utils.R#103)
     `returned` not equal to `expected_data`.
     Component "date": Modes: character, numeric
     Component "date": Attributes: < target is NULL, current is list >
     Component "date": target is character, current is factor
     Component "location": Modes: character, numeric
     Component "location": Attributes: < target is NULL, current is list >
     Component "location": target is character, current is factor
    
     == testthat results ===========================================================
     [ OK: 22 | SKIPPED: 46 | WARNINGS: 0 | FAILED: 1 ]
     1. Failure: convert_to_Covid19R_format converts correctly (@test-utils.R#103)
    
     Error: testthat unit tests failed
     Execution halted
Flavor: r-oldrel-windows-ix86+x86_64