CRAN Package Check Results for Package coveffectsplot

Last updated on 2019-03-19 02:49:49 CET.

Flavor Version Tinstall Tcheck Ttotal Status Flags
r-devel-linux-x86_64-debian-clang 0.0.3 2.38 41.74 44.12 OK
r-devel-linux-x86_64-debian-gcc 0.0.3 1.89 31.80 33.69 OK
r-devel-linux-x86_64-fedora-clang 0.0.3 51.36 NOTE
r-devel-linux-x86_64-fedora-gcc 0.0.3 48.87 NOTE
r-devel-windows-ix86+x86_64 0.0.3 11.00 81.00 92.00 OK
r-patched-linux-x86_64 0.0.3 1.57 41.20 42.77 OK
r-patched-solaris-x86 0.0.3 61.80 WARN
r-release-linux-x86_64 0.0.3 1.60 40.81 42.41 OK
r-release-windows-ix86+x86_64 0.0.3 5.00 75.00 80.00 OK
r-release-osx-x86_64 0.0.3 WARN
r-oldrel-windows-ix86+x86_64 0.0.3 4.00 92.00 96.00 OK
r-oldrel-osx-x86_64 0.0.3 WARN

Check Details

Version: 0.0.3
Check: dependencies in R code
Result: NOTE
    Namespaces in Imports field not imported from:
     ‘colourpicker’ ‘dplyr’ ‘markdown’ ‘shinyjs’ ‘tidyr’
     All declared Imports should be used.
Flavors: r-devel-linux-x86_64-fedora-clang, r-devel-linux-x86_64-fedora-gcc, r-patched-solaris-x86, r-release-osx-x86_64, r-oldrel-osx-x86_64

Version: 0.0.3
Check: re-building of vignette outputs
Result: WARN
    Error in re-building vignettes:
     ...
    Warning in engine$weave(file, quiet = quiet, encoding = enc) :
     Pandoc (>= 1.12.3) and/or pandoc-citeproc not available. Falling back to R Markdown v1.
    Quitting from lines 253-341 (introduction_to_coveffectsplot.Rmd)
    Error: processing vignette 'introduction_to_coveffectsplot.Rmd' failed with diagnostics:
    there is no package called 'webshot'
    Execution halted
Flavor: r-patched-solaris-x86

Version: 0.0.3
Check: re-building of vignette outputs
Result: WARN
    Error in re-building vignettes:
     ...
    Warning in engine$weave(file, quiet = quiet, encoding = enc) :
     Pandoc (>= 1.12.3) and/or pandoc-citeproc not available. Falling back to R Markdown v1.
    Quitting from lines 253-341 (introduction_to_coveffectsplot.Rmd)
    Error: processing vignette 'introduction_to_coveffectsplot.Rmd' failed with diagnostics:
    cannot open the connection
    Execution halted
Flavors: r-release-osx-x86_64, r-oldrel-osx-x86_64