CRAN Package Check Results for Package coveffectsplot

Last updated on 2019-05-27 02:50:57 CEST.

Flavor Version Tinstall Tcheck Ttotal Status Flags
r-devel-linux-x86_64-debian-clang 0.0.3 2.23 39.64 41.87 OK
r-devel-linux-x86_64-debian-gcc 0.0.3 1.94 30.69 32.63 OK
r-devel-linux-x86_64-fedora-clang 0.0.3 48.98 NOTE
r-devel-linux-x86_64-fedora-gcc 0.0.3 47.44 NOTE
r-devel-windows-ix86+x86_64 0.0.3 5.00 56.00 61.00 OK
r-patched-linux-x86_64 0.0.3 OK
r-patched-solaris-x86 0.0.3 63.70 WARN
r-release-linux-x86_64 0.0.3 2.29 39.17 41.46 OK
r-release-windows-ix86+x86_64 0.0.3 9.00 77.00 86.00 OK
r-release-osx-x86_64 0.0.3 WARN
r-oldrel-windows-ix86+x86_64 0.0.3 5.00 57.00 62.00 OK
r-oldrel-osx-x86_64 0.0.3 WARN

Check Details

Version: 0.0.3
Check: dependencies in R code
Result: NOTE
    Namespaces in Imports field not imported from:
     ‘colourpicker’ ‘dplyr’ ‘markdown’ ‘shinyjs’ ‘tidyr’
     All declared Imports should be used.
Flavors: r-devel-linux-x86_64-fedora-clang, r-devel-linux-x86_64-fedora-gcc, r-patched-solaris-x86, r-release-osx-x86_64, r-oldrel-osx-x86_64

Version: 0.0.3
Check: re-building of vignette outputs
Result: WARN
    Error(s) in re-building vignettes:
     ...
    --- re-building ‘introduction_to_coveffectsplot.Rmd’ using rmarkdown
    Warning in engine$weave(file, quiet = quiet, encoding = enc) :
     Pandoc (>= 1.12.3) and/or pandoc-citeproc not available. Falling back to R Markdown v1.
    Quitting from lines 253-341 (introduction_to_coveffectsplot.Rmd)
    Error: processing vignette 'introduction_to_coveffectsplot.Rmd' failed with diagnostics:
    there is no package called 'webshot'
    --- failed re-building ‘introduction_to_coveffectsplot.Rmd’
    
    SUMMARY: processing the following file failed:
     ‘introduction_to_coveffectsplot.Rmd’
    
    Error: Vignette re-building failed.
    Execution halted
Flavor: r-patched-solaris-x86

Version: 0.0.3
Check: re-building of vignette outputs
Result: WARN
    Error(s) in re-building vignettes:
     ...
    --- re-building ‘introduction_to_coveffectsplot.Rmd’ using rmarkdown
    Warning in engine$weave(file, quiet = quiet, encoding = enc) :
     Pandoc (>= 1.12.3) and/or pandoc-citeproc not available. Falling back to R Markdown v1.
    Quitting from lines 253-341 (introduction_to_coveffectsplot.Rmd)
    Error: processing vignette 'introduction_to_coveffectsplot.Rmd' failed with diagnostics:
    cannot open the connection
    --- failed re-building ‘introduction_to_coveffectsplot.Rmd’
    
    SUMMARY: processing the following file failed:
     ‘introduction_to_coveffectsplot.Rmd’
    
    Error: Vignette re-building failed.
    Execution halted
Flavor: r-release-osx-x86_64

Version: 0.0.3
Check: re-building of vignette outputs
Result: WARN
    Error in re-building vignettes:
     ...
    Warning in engine$weave(file, quiet = quiet, encoding = enc) :
     Pandoc (>= 1.12.3) and/or pandoc-citeproc not available. Falling back to R Markdown v1.
    Quitting from lines 253-341 (introduction_to_coveffectsplot.Rmd)
    Error: processing vignette 'introduction_to_coveffectsplot.Rmd' failed with diagnostics:
    cannot open the connection
    Execution halted
Flavor: r-oldrel-osx-x86_64