CRAN Package Check Results for Package coveffectsplot

Last updated on 2020-08-04 23:48:30 CEST.

Flavor Version Tinstall Tcheck Ttotal Status Flags
r-devel-linux-x86_64-debian-clang 0.0.9 2.99 99.45 102.44 OK
r-devel-linux-x86_64-debian-gcc 0.0.9 2.22 70.40 72.62 OK
r-devel-linux-x86_64-fedora-clang 0.0.9 123.10 NOTE
r-devel-linux-x86_64-fedora-gcc 0.0.9 115.59 NOTE
r-devel-windows-ix86+x86_64 0.0.9 14.00 98.00 112.00 OK
r-patched-linux-x86_64 0.0.9 2.26 90.49 92.75 OK
r-patched-solaris-x86 0.0.9 155.10 NOTE
r-release-linux-x86_64 0.0.9 2.78 90.89 93.67 OK
r-release-macos-x86_64 0.0.9 NOTE
r-release-windows-ix86+x86_64 0.0.9 17.00 104.00 121.00 OK
r-oldrel-macos-x86_64 0.0.9 NOTE
r-oldrel-windows-ix86+x86_64 0.0.9 7.00 99.00 106.00 OK

Check Details

Version: 0.0.9
Check: dependencies in R code
Result: NOTE
    Namespaces in Imports field not imported from:
     ‘colourpicker’ ‘data.table’ ‘dplyr’ ‘markdown’ ‘shinyjs’ ‘table1’
     ‘tidyr’
     All declared Imports should be used.
Flavors: r-devel-linux-x86_64-fedora-clang, r-devel-linux-x86_64-fedora-gcc, r-patched-solaris-x86, r-release-macos-x86_64, r-oldrel-macos-x86_64