Last updated on 2022-07-05 23:55:38 CEST.
Flavor | Version | Tinstall | Tcheck | Ttotal | Status | Flags |
---|---|---|---|---|---|---|
r-devel-linux-x86_64-debian-clang | 1.0.2 | 4.37 | 297.18 | 301.55 | OK | |
r-devel-linux-x86_64-debian-gcc | 1.0.2 | 2.95 | 199.68 | 202.63 | OK | |
r-devel-linux-x86_64-fedora-clang | 1.0.2 | 348.66 | NOTE | |||
r-devel-linux-x86_64-fedora-gcc | 1.0.2 | 333.99 | NOTE | |||
r-devel-windows-x86_64 | 1.0.2 | 61.00 | 344.00 | 405.00 | OK | |
r-patched-linux-x86_64 | 1.0.2 | 3.77 | 267.43 | 271.20 | OK | |
r-release-linux-x86_64 | 1.0.2 | 3.21 | 263.29 | 266.50 | OK | |
r-release-macos-arm64 | 1.0.2 | 113.00 | NOTE | |||
r-release-macos-x86_64 | 1.0.2 | 157.00 | NOTE | |||
r-release-windows-x86_64 | 1.0.2 | 65.00 | 334.00 | 399.00 | OK | |
r-oldrel-macos-arm64 | 1.0.2 | 102.00 | NOTE | |||
r-oldrel-macos-x86_64 | 1.0.2 | 167.00 | NOTE | |||
r-oldrel-windows-ix86+x86_64 | 1.0.2 | 9.00 | 330.00 | 339.00 | OK |
Version: 1.0.2
Check: dependencies in R code
Result: NOTE
Namespace in Imports field not imported from: ‘colourpicker’
All declared Imports should be used.
Flavors: r-devel-linux-x86_64-fedora-clang, r-devel-linux-x86_64-fedora-gcc, r-release-macos-arm64, r-release-macos-x86_64, r-oldrel-macos-arm64, r-oldrel-macos-x86_64