CRAN Package Check Results for Package countcolors

Last updated on 2023-01-30 00:31:08 CET.

Flavor Version Tinstall Tcheck Ttotal Status Flags
r-devel-linux-x86_64-debian-clang 0.9.1 2.87 106.37 109.24 NOTE
r-devel-linux-x86_64-debian-gcc 0.9.1 1.82 76.95 78.77 NOTE
r-devel-linux-x86_64-fedora-clang 0.9.1 140.45 NOTE
r-devel-linux-x86_64-fedora-gcc 0.9.1 144.04 NOTE
r-devel-windows-x86_64 0.9.1 16.00 152.00 168.00 NOTE
r-patched-linux-x86_64 0.9.1 2.92 100.10 103.02 NOTE
r-release-linux-x86_64 0.9.1 3.03 100.26 103.29 NOTE
r-release-macos-arm64 0.9.1 39.00 NOTE
r-release-macos-x86_64 0.9.1 71.00 NOTE
r-release-windows-x86_64 0.9.1 15.00 148.00 163.00 NOTE
r-oldrel-macos-arm64 0.9.1 46.00 NOTE
r-oldrel-macos-x86_64 0.9.1 61.00 NOTE
r-oldrel-windows-ix86+x86_64 0.9.1 8.00 134.00 142.00 NOTE

Check Details

Version: 0.9.1
Check: LazyData
Result: NOTE
     'LazyData' is specified without a 'data' directory
Flavors: r-devel-linux-x86_64-debian-clang, r-devel-linux-x86_64-debian-gcc, r-devel-linux-x86_64-fedora-clang, r-devel-linux-x86_64-fedora-gcc, r-devel-windows-x86_64, r-patched-linux-x86_64, r-release-linux-x86_64, r-release-macos-arm64, r-release-macos-x86_64, r-release-windows-x86_64, r-oldrel-macos-arm64, r-oldrel-macos-x86_64, r-oldrel-windows-ix86+x86_64

Version: 0.9.1
Check: dependencies in R code
Result: NOTE
    Namespace in Imports field not imported from: ‘jpeg’
     All declared Imports should be used.
Flavors: r-devel-linux-x86_64-fedora-clang, r-devel-linux-x86_64-fedora-gcc, r-release-macos-arm64, r-release-macos-x86_64, r-oldrel-macos-arm64, r-oldrel-macos-x86_64