CRAN Package Check Results for Package corrplot

Last updated on 2019-10-13 23:47:17 CEST.

Flavor Version Tinstall Tcheck Ttotal Status Flags
r-devel-linux-x86_64-debian-clang 0.84 3.06 35.50 38.56 OK
r-devel-linux-x86_64-debian-gcc 0.84 2.00 27.34 29.34 OK
r-devel-linux-x86_64-fedora-clang 0.84 47.02 NOTE
r-devel-linux-x86_64-fedora-gcc 0.84 46.46 OK
r-devel-windows-ix86+x86_64 0.84 9.00 52.00 61.00 NOTE
r-patched-linux-x86_64 0.84 2.84 34.40 37.24 OK
r-patched-solaris-x86 0.84 69.30 NOTE
r-release-linux-x86_64 0.84 2.68 34.69 37.37 OK
r-release-windows-ix86+x86_64 0.84 11.00 51.00 62.00 NOTE
r-release-osx-x86_64 0.84 NOTE
r-oldrel-windows-ix86+x86_64 0.84 4.00 55.00 59.00 NOTE
r-oldrel-osx-x86_64 0.84 NOTE

Check Details

Version: 0.84
Check: installed package size
Result: NOTE
     installed size is 7.0Mb
     sub-directories of 1Mb or more:
     doc 6.9Mb
Flavors: r-devel-linux-x86_64-fedora-clang, r-devel-windows-ix86+x86_64, r-patched-solaris-x86, r-release-windows-ix86+x86_64, r-release-osx-x86_64, r-oldrel-windows-ix86+x86_64, r-oldrel-osx-x86_64