CRAN Package Check Results for Package corrplot

Last updated on 2020-05-24 23:47:40 CEST.

Flavor Version Tinstall Tcheck Ttotal Status Flags
r-devel-linux-x86_64-debian-clang 0.84 3.31 39.78 43.09 OK
r-devel-linux-x86_64-debian-gcc 0.84 2.74 30.73 33.47 OK
r-devel-linux-x86_64-fedora-clang 0.84 52.81 NOTE
r-devel-linux-x86_64-fedora-gcc 0.84 51.95 OK
r-devel-windows-ix86+x86_64 0.84 11.00 58.00 69.00 NOTE
r-patched-linux-x86_64 0.84 3.63 39.85 43.48 OK
r-patched-solaris-x86 0.84 76.50 NOTE
r-release-linux-x86_64 0.84 3.32 39.36 42.68 OK
r-release-osx-x86_64 0.84 NOTE
r-release-windows-ix86+x86_64 0.84 8.00 73.00 81.00 NOTE
r-oldrel-osx-x86_64 0.84 NOTE
r-oldrel-windows-ix86+x86_64 0.84 6.00 74.00 80.00 NOTE

Check Details

Version: 0.84
Check: installed package size
Result: NOTE
     installed size is 7.0Mb
     sub-directories of 1Mb or more:
     doc 6.9Mb
Flavors: r-devel-linux-x86_64-fedora-clang, r-devel-windows-ix86+x86_64, r-patched-solaris-x86, r-release-osx-x86_64, r-release-windows-ix86+x86_64, r-oldrel-osx-x86_64, r-oldrel-windows-ix86+x86_64