CRAN Package Check Results for Package corpus

Last updated on 2020-02-17 00:49:07 CET.

Flavor Version Tinstall Tcheck Ttotal Status Flags
r-devel-linux-x86_64-debian-clang 0.10.0 29.12 59.19 88.31 OK
r-devel-linux-x86_64-debian-gcc 0.10.0 18.92 43.28 62.20 NOTE
r-devel-linux-x86_64-fedora-clang 0.10.0 107.90 NOTE
r-devel-windows-ix86+x86_64 0.10.0 88.00 95.00 183.00 OK
r-devel-windows-ix86+x86_64-gcc8 0.10.0 108.00 125.00 233.00 OK
r-patched-linux-x86_64 0.10.0 20.87 53.49 74.36 OK
r-patched-solaris-x86 0.10.0 129.30 WARN
r-release-linux-x86_64 0.10.0 20.51 53.24 73.75 OK
r-release-windows-ix86+x86_64 0.10.0 91.00 87.00 178.00 OK
r-release-osx-x86_64 0.10.0 NOTE
r-oldrel-windows-ix86+x86_64 0.10.0 89.00 116.00 205.00 OK
r-oldrel-osx-x86_64 0.10.0 NOTE

Check Details

Version: 0.10.0
Check: package dependencies
Result: NOTE
    Package which this enhances but not available for checking: ‘quanteda’
Flavor: r-devel-linux-x86_64-debian-gcc

Version: 0.10.0
Check: data for non-ASCII characters
Result: NOTE
     Note: found 578 marked UTF-8 strings
Flavors: r-devel-linux-x86_64-fedora-clang, r-patched-solaris-x86, r-release-osx-x86_64, r-oldrel-osx-x86_64

Version: 0.10.0
Check: for unstated dependencies in ‘tests’
Result: WARN
    Warning in deparse(e[[2L]]) :
     it is not known that wchar_t is Unicode on this platform
    Warning in deparse(e[[2L]]) :
     it is not known that wchar_t is Unicode on this platform
    Warning in deparse(e[[2L]]) :
     it is not known that wchar_t is Unicode on this platform
    Warning in deparse(e[[2L]]) :
     it is not known that wchar_t is Unicode on this platform
    Warning in deparse(e[[2L]]) :
     it is not known that wchar_t is Unicode on this platform
    Warning in deparse(e[[2L]]) :
     it is not known that wchar_t is Unicode on this platform
Flavor: r-patched-solaris-x86