CRAN Package Check Results for Package corpus

Last updated on 2019-09-15 23:46:16 CEST.

Flavor Version Tinstall Tcheck Ttotal Status Flags
r-devel-linux-x86_64-debian-clang 0.10.0 25.00 52.45 77.45 OK
r-devel-linux-x86_64-debian-gcc 0.10.0 20.24 41.23 61.47 OK
r-devel-linux-x86_64-fedora-clang 0.10.0 98.23 NOTE
r-devel-linux-x86_64-fedora-gcc 0.10.0 96.56 NOTE
r-devel-windows-ix86+x86_64 0.10.0 121.00 85.00 206.00 OK
r-patched-linux-x86_64 0.10.0 20.99 52.54 73.53 OK
r-patched-solaris-x86 0.10.0 125.00 WARN
r-release-linux-x86_64 0.10.0 21.23 52.30 73.53 OK
r-release-windows-ix86+x86_64 0.10.0 90.00 80.00 170.00 OK
r-release-osx-x86_64 0.10.0 NOTE
r-oldrel-windows-ix86+x86_64 0.10.0 139.00 75.00 214.00 OK
r-oldrel-osx-x86_64 0.10.0 NOTE

Check Details

Version: 0.10.0
Check: data for non-ASCII characters
Result: NOTE
     Note: found 578 marked UTF-8 strings
Flavors: r-devel-linux-x86_64-fedora-clang, r-devel-linux-x86_64-fedora-gcc, r-patched-solaris-x86, r-release-osx-x86_64, r-oldrel-osx-x86_64

Version: 0.10.0
Check: for unstated dependencies in ‘tests’
Result: WARN
    Warning in deparse(e[[2L]]) :
     it is not known that wchar_t is Unicode on this platform
    Warning in deparse(e[[2L]]) :
     it is not known that wchar_t is Unicode on this platform
    Warning in deparse(e[[2L]]) :
     it is not known that wchar_t is Unicode on this platform
    Warning in deparse(e[[2L]]) :
     it is not known that wchar_t is Unicode on this platform
    Warning in deparse(e[[2L]]) :
     it is not known that wchar_t is Unicode on this platform
    Warning in deparse(e[[2L]]) :
     it is not known that wchar_t is Unicode on this platform
Flavor: r-patched-solaris-x86