Last updated on 2022-07-04 23:53:21 CEST.
Flavor | Version | Tinstall | Tcheck | Ttotal | Status | Flags |
---|---|---|---|---|---|---|
r-devel-linux-x86_64-debian-clang | 0.8.6 | 4.03 | 49.33 | 53.36 | OK | |
r-devel-linux-x86_64-debian-gcc | 0.8.6 | 2.70 | 35.75 | 38.45 | OK | |
r-devel-linux-x86_64-fedora-clang | 0.8.6 | 72.59 | NOTE | |||
r-devel-linux-x86_64-fedora-gcc | 0.8.6 | 69.47 | NOTE | |||
r-devel-windows-x86_64 | 0.8.6 | 288.00 | 71.00 | 359.00 | OK | |
r-patched-linux-x86_64 | 0.8.6 | 4.59 | 45.49 | 50.08 | OK | |
r-release-linux-x86_64 | 0.8.6 | 3.94 | 45.02 | 48.96 | OK | |
r-release-macos-arm64 | 0.8.6 | 20.00 | NOTE | |||
r-release-macos-x86_64 | 0.8.6 | 33.00 | NOTE | |||
r-release-windows-x86_64 | 0.8.6 | 355.00 | 72.00 | 427.00 | OK | |
r-oldrel-macos-arm64 | 0.8.6 | 19.00 | NOTE | |||
r-oldrel-macos-x86_64 | 0.8.6 | 31.00 | NOTE | |||
r-oldrel-windows-ix86+x86_64 | 0.8.6 | 11.00 | 65.00 | 76.00 | OK |
Version: 0.8.6
Check: dependencies in R code
Result: NOTE
Namespaces in Imports field not imported from:
‘RColorBrewer’ ‘ggplot2’ ‘re2’ ‘rmarkdown’ ‘shinyWidgets’
‘shinydashboard’ ‘shinyjs’
All declared Imports should be used.
Flavors: r-devel-linux-x86_64-fedora-clang, r-devel-linux-x86_64-fedora-gcc, r-release-macos-arm64, r-release-macos-x86_64, r-oldrel-macos-arm64, r-oldrel-macos-x86_64