CRAN Package Check Results for Package copula

Last updated on 2019-11-10 23:48:23 CET.

Flavor Version Tinstall Tcheck Ttotal Status Flags
r-devel-linux-x86_64-debian-clang 0.999-19.1 44.05 1030.80 1074.85 OK
r-devel-linux-x86_64-debian-gcc 0.999-19.1 39.13 716.28 755.41 OK
r-devel-linux-x86_64-fedora-clang 0.999-19.1 1267.43 NOTE
r-devel-linux-x86_64-fedora-gcc 0.999-19.1 1285.30 OK
r-devel-windows-ix86+x86_64 0.999-19.1 87.00 708.00 795.00 NOTE --no-vignettes
r-patched-linux-x86_64 0.999-19.1 44.52 963.78 1008.30 OK
r-patched-solaris-x86 0.999-19.1 1579.70 NOTE
r-release-linux-x86_64 0.999-19.1 41.11 975.47 1016.58 OK
r-release-windows-ix86+x86_64 0.999-19.1 122.00 662.00 784.00 NOTE --no-vignettes
r-release-osx-x86_64 0.999-19.1 NOTE
r-oldrel-windows-ix86+x86_64 0.999-19.1 106.00 702.00 808.00 NOTE --no-vignettes
r-oldrel-osx-x86_64 0.999-19.1 NOTE

Additional issues

LTO

Check Details

Version: 0.999-19.1
Check: installed package size
Result: NOTE
     installed size is 10.0Mb
     sub-directories of 1Mb or more:
     R 2.1Mb
     doc 5.6Mb
Flavors: r-devel-linux-x86_64-fedora-clang, r-patched-solaris-x86, r-release-osx-x86_64, r-oldrel-osx-x86_64

Version: 0.999-19.1
Flags: --no-vignettes
Check: installed package size
Result: NOTE
     installed size is 9.7Mb
     sub-directories of 1Mb or more:
     R 2.1Mb
     doc 5.6Mb
Flavors: r-devel-windows-ix86+x86_64, r-release-windows-ix86+x86_64, r-oldrel-windows-ix86+x86_64