CRAN Package Check Results for Package copula

Last updated on 2019-07-15 00:50:25 CEST.

Flavor Version Tinstall Tcheck Ttotal Status Flags
r-devel-linux-x86_64-debian-clang 0.999-19.1 40.98 1006.22 1047.20 OK
r-devel-linux-x86_64-debian-gcc 0.999-19.1 35.14 730.01 765.15 OK
r-devel-linux-x86_64-fedora-clang 0.999-19.1 1202.99 NOTE
r-devel-linux-x86_64-fedora-gcc 0.999-19.1 1150.28 OK
r-devel-windows-ix86+x86_64 0.999-19.1 89.00 664.00 753.00 NOTE --no-vignettes
r-patched-linux-x86_64 0.999-19.1 43.78 1006.15 1049.93 OK
r-patched-solaris-x86 0.999-19.1 1590.20 NOTE
r-release-linux-x86_64 0.999-19.1 41.26 1006.42 1047.68 OK
r-release-windows-ix86+x86_64 0.999-19.1 81.00 870.00 951.00 NOTE --no-vignettes
r-release-osx-x86_64 0.999-19.1 NOTE
r-oldrel-windows-ix86+x86_64 0.999-19.1 102.00 611.00 713.00 NOTE --no-vignettes
r-oldrel-osx-x86_64 0.999-19.1 NOTE

Additional issues

LTO

Check Details

Version: 0.999-19.1
Check: installed package size
Result: NOTE
     installed size is 10.0Mb
     sub-directories of 1Mb or more:
     R 2.1Mb
     doc 5.6Mb
Flavors: r-devel-linux-x86_64-fedora-clang, r-patched-solaris-x86, r-release-osx-x86_64, r-oldrel-osx-x86_64

Version: 0.999-19.1
Flags: --no-vignettes
Check: installed package size
Result: NOTE
     installed size is 9.7Mb
     sub-directories of 1Mb or more:
     R 2.1Mb
     doc 5.6Mb
Flavors: r-devel-windows-ix86+x86_64, r-release-windows-ix86+x86_64, r-oldrel-windows-ix86+x86_64