Last updated on 2023-03-20 00:54:02 CET.
Flavor | Version | Tinstall | Tcheck | Ttotal | Status | Flags |
---|---|---|---|---|---|---|
r-devel-linux-x86_64-debian-clang | 0.8.1 | NOTE | ||||
r-devel-linux-x86_64-debian-gcc | 0.8.1 | 2.25 | 22.27 | 24.52 | NOTE | |
r-devel-linux-x86_64-fedora-clang | 0.8.1 | 40.20 | NOTE | |||
r-devel-linux-x86_64-fedora-gcc | 0.8.1 | 51.07 | NOTE | |||
r-devel-windows-x86_64 | 0.8.1 | 41.00 | 67.00 | 108.00 | NOTE | |
r-patched-linux-x86_64 | 0.8.1 | 2.75 | 28.19 | 30.94 | NOTE | |
r-release-linux-x86_64 | 0.8.1 | 2.70 | 28.12 | 30.82 | NOTE | |
r-release-macos-arm64 | 0.8.1 | 19.00 | NOTE | |||
r-release-macos-x86_64 | 0.8.1 | 25.00 | NOTE | |||
r-release-windows-x86_64 | 0.8.1 | 52.00 | 63.00 | 115.00 | NOTE | |
r-oldrel-macos-arm64 | 0.8.1 | 25.00 | NOTE | |||
r-oldrel-macos-x86_64 | 0.8.1 | 25.00 | NOTE | |||
r-oldrel-windows-ix86+x86_64 | 0.8.1 | 7.00 | 55.00 | 62.00 | NOTE |
Version: 0.8.1
Check: LazyData
Result: NOTE
'LazyData' is specified without a 'data' directory
Flavors: r-devel-linux-x86_64-debian-clang, r-devel-linux-x86_64-debian-gcc, r-devel-linux-x86_64-fedora-clang, r-devel-linux-x86_64-fedora-gcc, r-devel-windows-x86_64, r-patched-linux-x86_64, r-release-linux-x86_64, r-release-macos-arm64, r-release-macos-x86_64, r-release-windows-x86_64, r-oldrel-macos-arm64, r-oldrel-macos-x86_64, r-oldrel-windows-ix86+x86_64