CRAN Package Check Results for Package control

Last updated on 2022-01-26 23:50:13 CET.

Flavor Version Tinstall Tcheck Ttotal Status Flags
r-devel-linux-x86_64-debian-clang 0.2.5 6.36 58.19 64.55 NOTE
r-devel-linux-x86_64-debian-gcc 0.2.5 4.51 44.66 49.17 NOTE
r-devel-linux-x86_64-fedora-clang 0.2.5 78.40 NOTE
r-devel-linux-x86_64-fedora-gcc 0.2.5 66.12 NOTE
r-devel-windows-x86_64-new-UL 0.2.5 61.00 87.00 148.00 NOTE
r-devel-windows-x86_64-new-TK 0.2.5 NOTE
r-patched-linux-x86_64 0.2.5 6.69 55.65 62.34 NOTE
r-release-linux-x86_64 0.2.5 5.62 56.43 62.05 NOTE
r-release-macos-arm64 0.2.5 NOTE
r-release-macos-x86_64 0.2.5 NOTE
r-release-windows-ix86+x86_64 0.2.5 14.00 74.00 88.00 NOTE
r-oldrel-macos-x86_64 0.2.5 OK
r-oldrel-windows-ix86+x86_64 0.2.5 10.00 74.00 84.00 OK

Check Details

Version: 0.2.5
Check: LazyData
Result: NOTE
     'LazyData' is specified without a 'data' directory
Flavors: r-devel-linux-x86_64-debian-clang, r-devel-linux-x86_64-debian-gcc, r-devel-linux-x86_64-fedora-clang, r-devel-linux-x86_64-fedora-gcc, r-devel-windows-x86_64-new-UL, r-devel-windows-x86_64-new-TK, r-patched-linux-x86_64, r-release-linux-x86_64, r-release-macos-arm64, r-release-macos-x86_64, r-release-windows-ix86+x86_64