CRAN Package Check Results for Package conos

Last updated on 2022-01-22 23:52:05 CET.

Flavor Version Tinstall Tcheck Ttotal Status Flags
r-devel-linux-x86_64-debian-clang 1.4.4 208.72 279.19 487.91 NOTE
r-devel-linux-x86_64-debian-gcc 1.4.5 154.59 179.88 334.47 NOTE
r-devel-windows-x86_64-new-UL 1.4.5 178.00 271.00 449.00 NOTE
r-devel-windows-x86_64-new-TK 1.4.5 NOTE
r-patched-linux-x86_64 1.4.5 188.86 231.03 419.89 NOTE
r-release-linux-x86_64 1.4.4 142.10 232.11 374.21 NOTE
r-release-macos-arm64 1.4.4 ERROR
r-release-macos-x86_64 1.4.4 NOTE
r-release-windows-ix86+x86_64 1.4.5 342.00 373.00 715.00 NOTE
r-oldrel-macos-x86_64 1.4.4 NOTE
r-oldrel-windows-ix86+x86_64 1.4.5 371.00 376.00 747.00 NOTE

Check Details

Version: 1.4.4
Check: package dependencies
Result: NOTE
    Packages suggested but not available for checking: 'conosPanel', 'p2data'
Flavors: r-devel-linux-x86_64-debian-clang, r-release-linux-x86_64, r-release-macos-x86_64, r-oldrel-macos-x86_64

Version: 1.4.5
Check: package dependencies
Result: NOTE
    Packages suggested but not available for checking: 'conosPanel', 'p2data'
Flavors: r-devel-linux-x86_64-debian-gcc, r-devel-windows-x86_64-new-UL, r-devel-windows-x86_64-new-TK, r-patched-linux-x86_64, r-release-windows-ix86+x86_64, r-oldrel-windows-ix86+x86_64

Version: 1.4.4
Check: package dependencies
Result: ERROR
    Package required but not available: ‘N2R’
    
    Packages suggested but not available for checking:
     'conosPanel', 'p2data', 'pagoda2'
    
    See section ‘The DESCRIPTION file’ in the ‘Writing R Extensions’
    manual.
Flavor: r-release-macos-arm64

Version: 1.4.4
Check: installed package size
Result: NOTE
     installed size is 11.4Mb
     sub-directories of 1Mb or more:
     libs 9.6Mb
Flavors: r-release-macos-x86_64, r-oldrel-macos-x86_64