CRAN Package Check Results for Package conleyreg

Last updated on 2024-06-17 00:49:55 CEST.

Flavor Version Tinstall Tcheck Ttotal Status Flags
r-devel-linux-x86_64-debian-clang 0.1.7 241.41 88.70 330.11 NOTE
r-devel-linux-x86_64-debian-gcc 0.1.7 173.47 65.94 239.41 NOTE
r-devel-linux-x86_64-fedora-clang 0.1.7 528.18 NOTE
r-devel-linux-x86_64-fedora-gcc 0.1.7 544.69 NOTE
r-devel-windows-x86_64 0.1.7 189.00 98.00 287.00 NOTE
r-patched-linux-x86_64 0.1.7 208.31 83.40 291.71 NOTE
r-release-linux-x86_64 0.1.7 225.66 85.01 310.67 NOTE
r-release-macos-arm64 0.1.7 89.00 NOTE
r-release-macos-x86_64 0.1.7 100.00 NOTE
r-release-windows-x86_64 0.1.7 193.00 106.00 299.00 NOTE
r-oldrel-macos-arm64 0.1.7 130.00 NOTE
r-oldrel-macos-x86_64 0.1.7 198.00 NOTE
r-oldrel-windows-x86_64 0.1.7 230.00 123.00 353.00 NOTE

Check Details

Version: 0.1.7
Check: C++ specification
Result: NOTE Specified C++11: please drop specification unless essential Flavors: r-devel-linux-x86_64-debian-clang, r-devel-linux-x86_64-debian-gcc, r-devel-linux-x86_64-fedora-clang, r-devel-linux-x86_64-fedora-gcc, r-devel-windows-x86_64, r-patched-linux-x86_64, r-release-linux-x86_64, r-release-macos-arm64, r-release-macos-x86_64, r-release-windows-x86_64, r-oldrel-macos-arm64, r-oldrel-macos-x86_64, r-oldrel-windows-x86_64

Version: 0.1.7
Check: dependencies in R code
Result: NOTE Namespaces in Imports field not imported from: ‘base’ ‘lwgeom’ ‘s2’ All declared Imports should be used. Flavors: r-devel-linux-x86_64-fedora-clang, r-devel-linux-x86_64-fedora-gcc

Version: 0.1.7
Check: installed package size
Result: NOTE installed size is 10.6Mb sub-directories of 1Mb or more: libs 10.2Mb Flavors: r-release-macos-arm64, r-release-macos-x86_64, r-oldrel-macos-arm64, r-oldrel-macos-x86_64