Last updated on 2023-06-01 00:59:36 CEST.
Flavor | Version | Tinstall | Tcheck | Ttotal | Status | Flags |
---|---|---|---|---|---|---|
r-devel-linux-x86_64-debian-clang | 0.1.3 | 2.47 | 41.69 | 44.16 | NOTE | |
r-devel-linux-x86_64-debian-gcc | 0.1.3 | 2.52 | 31.23 | 33.75 | NOTE | |
r-devel-linux-x86_64-fedora-clang | 0.1.3 | 57.38 | NOTE | |||
r-devel-linux-x86_64-fedora-gcc | 0.1.3 | 63.91 | NOTE | |||
r-devel-windows-x86_64 | 0.1.3 | 6.00 | 57.00 | 63.00 | NOTE | |
r-patched-linux-x86_64 | 0.1.3 | NOTE | ||||
r-release-linux-x86_64 | 0.1.3 | 3.16 | 38.27 | 41.43 | NOTE | |
r-release-macos-arm64 | 0.1.3 | 28.00 | NOTE | |||
r-release-macos-x86_64 | 0.1.3 | 47.00 | NOTE | |||
r-release-windows-x86_64 | 0.1.3 | 6.00 | 60.00 | 66.00 | NOTE | |
r-oldrel-macos-arm64 | 0.1.3 | 21.00 | NOTE | |||
r-oldrel-macos-x86_64 | 0.1.3 | 38.00 | NOTE | |||
r-oldrel-windows-x86_64 | 0.1.3 | 5.00 | 61.00 | 66.00 | NOTE |
Version: 0.1.3
Check: LazyData
Result: NOTE
'LazyData' is specified without a 'data' directory
Flavors: r-devel-linux-x86_64-debian-clang, r-devel-linux-x86_64-debian-gcc, r-devel-linux-x86_64-fedora-clang, r-devel-linux-x86_64-fedora-gcc, r-devel-windows-x86_64, r-patched-linux-x86_64, r-release-linux-x86_64, r-release-macos-arm64, r-release-macos-x86_64, r-release-windows-x86_64, r-oldrel-macos-arm64, r-oldrel-macos-x86_64, r-oldrel-windows-x86_64